{"id":585,"date":"2025-12-07T10:50:11","date_gmt":"2025-12-07T09:50:11","guid":{"rendered":"https:\/\/theater-im-hayn.de\/?page_id=585"},"modified":"2026-03-14T11:39:08","modified_gmt":"2026-03-14T10:39:08","slug":"luegen-ueber-luegen","status":"publish","type":"page","link":"https:\/\/theater-im-hayn.de\/?page_id=585","title":{"rendered":"L\u00fcgen \u00fcber L\u00fcgen"},"content":{"rendered":"\n<h2 class=\"wp-block-heading has-large-font-size\">L\u00fcgen \u00fcber L\u00fcgen<\/h2>\n\n\n\n<p>16. Produktion, Spielzeit 2026<\/p>\n\n\n\n<p><em>Eine Kom\u00f6die von Walter G. Pfaus<\/em><\/p>\n\n\n\n<p>Regie &amp; Bearbeitung: <a href=\"https:\/\/theater-im-hayn.de\/?page_id=71\" data-type=\"page\" data-id=\"71\">Ursula Seib<\/a><\/p>\n\n\n\n<figure class=\"wp-block-image size-large\"><img loading=\"lazy\" decoding=\"async\" width=\"784\" height=\"1024\" src=\"https:\/\/theater-im-hayn.de\/wp-content\/uploads\/2025\/12\/Flyer_Luegen-784x1024.jpeg\" alt=\"\" class=\"wp-image-586\" srcset=\"https:\/\/theater-im-hayn.de\/wp-content\/uploads\/2025\/12\/Flyer_Luegen-784x1024.jpeg 784w, https:\/\/theater-im-hayn.de\/wp-content\/uploads\/2025\/12\/Flyer_Luegen-230x300.jpeg 230w, https:\/\/theater-im-hayn.de\/wp-content\/uploads\/2025\/12\/Flyer_Luegen-768x1003.jpeg 768w, https:\/\/theater-im-hayn.de\/wp-content\/uploads\/2025\/12\/Flyer_Luegen-1176x1536.jpeg 1176w, https:\/\/theater-im-hayn.de\/wp-content\/uploads\/2025\/12\/Flyer_Luegen.jpeg 1568w\" sizes=\"auto, (max-width: 767px) 89vw, (max-width: 1000px) 54vw, (max-width: 1071px) 543px, 580px\" \/><\/figure>\n\n\n\n<p>Dunja Bubek tr\u00e4umt von einem Luxusleben und h\u00e4tte gern, dass ihr Mann Leo Karriere macht. Aber Leo liebt seinen Job als Beamter und genie\u00dft ansonsten sein ruhiges Leben. W\u00e4hrend beide beim Fr\u00fchst\u00fcck wieder einmal \u00fcber die Verschwendungssucht von Dunja debattieren, flattert ein Telegramm ins Haus und k\u00fcndigt die reiche \u201eTante Rita aus Amerika&#8220; f\u00fcr einen kurzen Besuch von 3 Tagen an.<\/p>\n\n\n\n<p>Dunja stockt der Atem, es bleibt ihr jetzt nicht viel Zeit Leo zu beichten, dass sie Tante Rita seit Jahren angelogen hat, n\u00e4mlich, Leo sei ein Landtagsabgeordneter, sie leben in einem Haus mit Butler, Dienstm\u00e4dchen, Mercedes und Chauffeur. Leo f\u00e4llt aus allen Wolken. Es klingelt, Werner, ein Kollege von Leo und immer f\u00fcr einen Spa\u00df zu haben, kommt und will ihn abholen. Er findet die beiden in dieser prek\u00e4ren Lage vor und hat auch eine L\u00f6sung parat, indem er f\u00fcr 3 Tage den Diener mimt, seine Frau Lisa das Dienstm\u00e4dchen und J\u00f6rg, der einen Mercedes besitzt, k\u00f6nne die Rolle des Chauffeurs \u00fcbernehmen.<\/p>\n\n\n\n<p>Tante Rita erscheint fr\u00fcher als erwartet. Die Ereignisse \u00fcberst\u00fcrzen sich und werden immer komplizierter, denn v\u00f6llig \u00fcberraschend taucht noch Leo&#8217;s Schwester Erika sowie der Bruder von Leo auf.<\/p>\n\n\n\n<p>Wir w\u00fcnschen dem Publikum viel Spa\u00df bei diesen Verwicklungen in 4 Akten und versprechen Ihnen ein \u00fcberraschendes Ende. Bleiben Sie neugierig!<\/p>\n\n\n\n<p><strong>Mitwirkende<\/strong><\/p>\n\n\n\n<figure class=\"wp-block-table is-style-stripes\"><table class=\"has-fixed-layout\"><tbody><tr><td>Leo Bubek<\/td><td>Dirk Kowalski<\/td><\/tr><tr><td>Dunja Bubek<\/td><td><a href=\"https:\/\/theater-im-hayn.de\/?page_id=114\" data-type=\"page\" data-id=\"114\">Petra Kreiner<\/a><\/td><\/tr><tr><td>Werner Frisius<\/td><td><a href=\"https:\/\/theater-im-hayn.de\/?page_id=100\" data-type=\"page\" data-id=\"100\">Martin Tr\u00fcbner<\/a><\/td><\/tr><tr><td>Lisa Frisius<\/td><td>Elena Zaltur<\/td><\/tr><tr><td>J\u00f6rg Mendes<\/td><td><a href=\"https:\/\/theater-im-hayn.de\/?page_id=182\" data-type=\"page\" data-id=\"182\">Holger Schmidt<\/a><\/td><\/tr><tr><td>Erika Bubek<\/td><td><a href=\"https:\/\/theater-im-hayn.de\/?page_id=617\" data-type=\"page\" data-id=\"617\">Stella Lachmann<\/a><\/td><\/tr><tr><td>Tante<\/td><td>Heike Weeber-Runge<\/td><\/tr><tr><td>Willi Sattler<\/td><td>Helmut K\u00f6stner<\/td><\/tr><tr><td>Tante Rita<\/td><td>Irmi G\u00f6rge<\/td><\/tr><tr><td><\/td><td><\/td><\/tr><\/tbody><\/table><\/figure>\n\n\n\n<figure class=\"wp-block-table is-style-stripes\"><table class=\"has-fixed-layout\"><tbody><tr><td>Regie &amp; Bearbeitung<\/td><td><a href=\"https:\/\/theater-im-hayn.de\/?page_id=71\" data-type=\"page\" data-id=\"71\">Ursula Seib<\/a><\/td><\/tr><tr><td>Souffleuse<\/td><td><a href=\"https:\/\/theater-im-hayn.de\/?page_id=81\" data-type=\"page\" data-id=\"81\">Eva Witwer<\/a><\/td><\/tr><tr><td>B\u00fchnenbild<\/td><td><a href=\"https:\/\/theater-im-hayn.de\/?page_id=71\" data-type=\"page\" data-id=\"71\">Ursula Seib<\/a><\/td><\/tr><tr><td>Presse\/Flyer<\/td><td><a href=\"https:\/\/theater-im-hayn.de\/?page_id=71\" data-type=\"page\" data-id=\"71\">Ursula Seib<\/a> &amp; <a href=\"https:\/\/theater-im-hayn.de\/?page_id=139\" data-type=\"page\" data-id=\"139\">Francesca Eifler<\/a><\/td><\/tr><tr><td>Kost\u00fcme\/Technik<\/td><td>Ensemble<\/td><\/tr><tr><td>Verlag<\/td><td>VVB Verlag, Norderstedt<\/td><\/tr><\/tbody><\/table><\/figure>\n\n\n\n<p><strong>Termine<\/strong><br>Samstag, 06. Juni 2026 um 19:30 Uhr in Egelsbach<br>Freitag, 12. Juni 2026 um 19:30 Uhr in Dreieich-Sprendlingen<br>Samstag, 13. Juni 2026 um 19:30 Uhr in Dreieich-Sprendlingen<\/p>\n\n\n\n<p><strong>Auff\u00fchrungsorte<\/strong><br><em>Saalbau Eigenheim Egelsbach<\/em><br>Kirchstra\u00dfe 19<br>63329 Egelsbach<br><a href=\"https:\/\/eigenheim-egelsbach.de\/\" data-type=\"link\" data-id=\"https:\/\/eigenheim-egelsbach.de\/\"><em>Webseite des Saalbau Eigenheim<\/em><\/a><\/p>\n\n\n\n<p><em>B\u00fcrgerh\u00e4user Dreieich<\/em><br>Fichtestra\u00dfe 50<br>63303 Dreieich-Sprendlingen<\/p>\n\n\n\n<p>Eintrittskarten gibt es im Vorverkauf bei<br>B\u00fcrgerh\u00e4user Dreieich<br>Fichtestr. 50<br>63303 Dreieich-Sprendlingen<br>Tel.: 06103 \u2013 6000 \u2013 0<br>Und f\u00fcr die Dreieicher Vorstellungen auch online:<br><a href=\"https:\/\/www.buergerhaeuser-dreieich.de\/programm\/veranstaltungen\/luegen-ueber-luegen-20260612\">12. Juni 2026 &#8211; 19:30 Uhr<\/a><br><a href=\"https:\/\/www.buergerhaeuser-dreieich.de\/programm\/veranstaltungen\/luegen-ueber-luegen-20260613\">13. Juni 2026 &#8211; 19:30 Uhr<\/a><br><br>Freie Platzwahl<br>Saal\u00f6ffnung 30 Minuten vor Veranstaltungsbeginn<em>!<\/em><\/p>\n","protected":false},"excerpt":{"rendered":"<p>L\u00fcgen \u00fcber L\u00fcgen 16. Produktion, Spielzeit 2026 Eine Kom\u00f6die von Walter G. Pfaus Regie &amp; Bearbeitung: Ursula Seib Dunja Bubek tr\u00e4umt von einem Luxusleben und h\u00e4tte gern, dass ihr Mann Leo Karriere macht. Aber Leo liebt seinen Job als Beamter und genie\u00dft ansonsten sein ruhiges Leben. W\u00e4hrend beide beim Fr\u00fchst\u00fcck wieder einmal \u00fcber die Verschwendungssucht &hellip; <\/p>\n<p class=\"link-more\"><a href=\"https:\/\/theater-im-hayn.de\/?page_id=585\" class=\"more-link\"><span class=\"screen-reader-text\">\u201eL\u00fcgen \u00fcber L\u00fcgen\u201c<\/span> weiterlesen<\/a><\/p>\n","protected":false},"author":1,"featured_media":0,"parent":0,"menu_order":0,"comment_status":"closed","ping_status":"closed","template":"","meta":{"footnotes":""},"class_list":["post-585","page","type-page","status-publish","hentry"],"_links":{"self":[{"href":"https:\/\/theater-im-hayn.de\/index.php?rest_route=\/wp\/v2\/pages\/585","targetHints":{"allow":["GET"]}}],"collection":[{"href":"https:\/\/theater-im-hayn.de\/index.php?rest_route=\/wp\/v2\/pages"}],"about":[{"href":"https:\/\/theater-im-hayn.de\/index.php?rest_route=\/wp\/v2\/types\/page"}],"author":[{"embeddable":true,"href":"https:\/\/theater-im-hayn.de\/index.php?rest_route=\/wp\/v2\/users\/1"}],"replies":[{"embeddable":true,"href":"https:\/\/theater-im-hayn.de\/index.php?rest_route=%2Fwp%2Fv2%2Fcomments&post=585"}],"version-history":[{"count":8,"href":"https:\/\/theater-im-hayn.de\/index.php?rest_route=\/wp\/v2\/pages\/585\/revisions"}],"predecessor-version":[{"id":628,"href":"https:\/\/theater-im-hayn.de\/index.php?rest_route=\/wp\/v2\/pages\/585\/revisions\/628"}],"wp:attachment":[{"href":"https:\/\/theater-im-hayn.de\/index.php?rest_route=%2Fwp%2Fv2%2Fmedia&parent=585"}],"curies":[{"name":"wp","href":"https:\/\/api.w.org\/{rel}","templated":true}]}}

Lügen über Lügen

<h2 class="wp-block-heading has-large-font-size">Lügen über Lügen</h2>



<p>16. Produktion, Spielzeit 2026</p>



<p><em>Eine Komödie von Walter G. Pfaus</em></p>



<p>Regie &amp; Bearbeitung: <a href="https://theater-im-hayn.de/?page_id=71" data-type="page" data-id="71">Ursula Seib</a></p>



<figure class="wp-block-image size-large"><img loading="lazy" decoding="async" width="784" height="1024" src="https://theater-im-hayn.de/wp-content/uploads/2025/12/Flyer_Luegen-784x1024.jpeg" alt="" class="wp-image-586" srcset="https://theater-im-hayn.de/wp-content/uploads/2025/12/Flyer_Luegen-784x1024.jpeg 784w, https://theater-im-hayn.de/wp-content/uploads/2025/12/Flyer_Luegen-230x300.jpeg 230w, https://theater-im-hayn.de/wp-content/uploads/2025/12/Flyer_Luegen-768x1003.jpeg 768w, https://theater-im-hayn.de/wp-content/uploads/2025/12/Flyer_Luegen-1176x1536.jpeg 1176w, https://theater-im-hayn.de/wp-content/uploads/2025/12/Flyer_Luegen.jpeg 1568w" sizes="auto, (max-width: 767px) 89vw, (max-width: 1000px) 54vw, (max-width: 1071px) 543px, 580px" /></figure>



<p>Dunja Bubek träumt von einem Luxusleben und hätte gern, dass ihr Mann Leo Karriere macht. Aber Leo liebt seinen Job als Beamter und genießt ansonsten sein ruhiges Leben. Während beide beim Frühstück wieder einmal über die Verschwendungssucht von Dunja debattieren, flattert ein Telegramm ins Haus und kündigt die reiche „Tante Rita aus Amerika&#8220; für einen kurzen Besuch von 3 Tagen an.</p>



<p>Dunja stockt der Atem, es bleibt ihr jetzt nicht viel Zeit Leo zu beichten, dass sie Tante Rita seit Jahren angelogen hat, nämlich, Leo sei ein Landtagsabgeordneter, sie leben in einem Haus mit Butler, Dienstmädchen, Mercedes und Chauffeur. Leo fällt aus allen Wolken. Es klingelt, Werner, ein Kollege von Leo und immer für einen Spaß zu haben, kommt und will ihn abholen. Er findet die beiden in dieser prekären Lage vor und hat auch eine Lösung parat, indem er für 3 Tage den Diener mimt, seine Frau Lisa das Dienstmädchen und Jörg, der einen Mercedes besitzt, könne die Rolle des Chauffeurs übernehmen.</p>



<p>Tante Rita erscheint früher als erwartet. Die Ereignisse überstürzen sich und werden immer komplizierter, denn völlig überraschend taucht noch Leo&#8217;s Schwester Erika sowie der Bruder von Leo auf.</p>



<p>Wir wünschen dem Publikum viel Spaß bei diesen Verwicklungen in 4 Akten und versprechen Ihnen ein überraschendes Ende. Bleiben Sie neugierig!</p>



<p><strong>Mitwirkende</strong></p>



<figure class="wp-block-table is-style-stripes"><table class="has-fixed-layout"><tbody><tr><td>Leo Bubek</td><td>Dirk Kowalski</td></tr><tr><td>Dunja Bubek</td><td><a href="https://theater-im-hayn.de/?page_id=114" data-type="page" data-id="114">Petra Kreiner</a></td></tr><tr><td>Werner Frisius</td><td><a href="https://theater-im-hayn.de/?page_id=100" data-type="page" data-id="100">Martin Trübner</a></td></tr><tr><td>Lisa Frisius</td><td>Elena Zaltur</td></tr><tr><td>Jörg Mendes</td><td><a href="https://theater-im-hayn.de/?page_id=182" data-type="page" data-id="182">Holger Schmidt</a></td></tr><tr><td>Erika Bubek</td><td><a href="https://theater-im-hayn.de/?page_id=617" data-type="page" data-id="617">Stella Lachmann</a></td></tr><tr><td>Tante</td><td>Heike Weeber-Runge</td></tr><tr><td>Willi Sattler</td><td>Helmut Köstner</td></tr><tr><td>Tante Rita</td><td>Irmi Görge</td></tr><tr><td></td><td></td></tr></tbody></table></figure>



<figure class="wp-block-table is-style-stripes"><table class="has-fixed-layout"><tbody><tr><td>Regie &amp; Bearbeitung</td><td><a href="https://theater-im-hayn.de/?page_id=71" data-type="page" data-id="71">Ursula Seib</a></td></tr><tr><td>Souffleuse</td><td><a href="https://theater-im-hayn.de/?page_id=81" data-type="page" data-id="81">Eva Witwer</a></td></tr><tr><td>Bühnenbild</td><td><a href="https://theater-im-hayn.de/?page_id=71" data-type="page" data-id="71">Ursula Seib</a></td></tr><tr><td>Presse/Flyer</td><td><a href="https://theater-im-hayn.de/?page_id=71" data-type="page" data-id="71">Ursula Seib</a> &amp; <a href="https://theater-im-hayn.de/?page_id=139" data-type="page" data-id="139">Francesca Eifler</a></td></tr><tr><td>Kostüme/Technik</td><td>Ensemble</td></tr><tr><td>Verlag</td><td>VVB Verlag, Norderstedt</td></tr></tbody></table></figure>



<p><strong>Termine</strong><br>Samstag, 06. Juni 2026 um 19:30 Uhr in Egelsbach<br>Freitag, 12. Juni 2026 um 19:30 Uhr in Dreieich-Sprendlingen<br>Samstag, 13. Juni 2026 um 19:30 Uhr in Dreieich-Sprendlingen</p>



<p><strong>Aufführungsorte</strong><br><em>Saalbau Eigenheim Egelsbach</em><br>Kirchstraße 19<br>63329 Egelsbach<br><a href="https://eigenheim-egelsbach.de/" data-type="link" data-id="https://eigenheim-egelsbach.de/"><em>Webseite des Saalbau Eigenheim</em></a></p>



<p><em>Bürgerhäuser Dreieich</em><br>Fichtestraße 50<br>63303 Dreieich-Sprendlingen</p>



<p>Eintrittskarten gibt es im Vorverkauf bei<br>Bürgerhäuser Dreieich<br>Fichtestr. 50<br>63303 Dreieich-Sprendlingen<br>Tel.: 06103 – 6000 – 0<br>Und für die Dreieicher Vorstellungen auch online:<br><a href="https://www.buergerhaeuser-dreieich.de/programm/veranstaltungen/luegen-ueber-luegen-20260612">12. Juni 2026 &#8211; 19:30 Uhr</a><br><a href="https://www.buergerhaeuser-dreieich.de/programm/veranstaltungen/luegen-ueber-luegen-20260613">13. Juni 2026 &#8211; 19:30 Uhr</a><br><br>Freie Platzwahl<br>Saalöffnung 30 Minuten vor Veranstaltungsbeginn<em>!</em></p>

<p>Lügen über Lügen 16. Produktion, Spielzeit 2026 Eine Komödie von Walter G. Pfaus Regie &amp; Bearbeitung: Ursula Seib Dunja Bubek träumt von einem Luxusleben und hätte gern, dass ihr Mann Leo Karriere macht. Aber Leo liebt seinen Job als Beamter und genießt ansonsten sein ruhiges Leben. Während beide beim Frühstück wieder einmal über die Verschwendungssucht &hellip; </p>
<p class="link-more"><a href="https://theater-im-hayn.de/?page_id=585" class="more-link"><span class="screen-reader-text">„Lügen über Lügen“</span> weiterlesen</a></p>
