{"id":35,"date":"2020-05-22T14:32:53","date_gmt":"2020-05-22T12:32:53","guid":{"rendered":"http:\/\/theater-im-hayn.de\/?page_id=35"},"modified":"2021-09-21T22:39:01","modified_gmt":"2021-09-21T20:39:01","slug":"historie","status":"publish","type":"page","link":"https:\/\/theater-im-hayn.de\/?page_id=35","title":{"rendered":"Historie"},"content":{"rendered":"\n<p>Im Fr\u00fchjahr 2008 entscheidet der Vorstand des Odenwaldklub Dreieichenhain sich von seiner Amateurtheatergruppe zu trennen, die seit 1960 eine Vielzahl an Kom\u00f6dien und Schw\u00e4nken auff\u00fchrte. Vor allem der Initiative von Karl Walzer ist es zu verdanken, dass das Ensemble \u00fcber so viele Jahre auftreten konnte.<\/p>\n\n\n\n<p>Am 5. August 2008 treffen sich sieben ehemalige Mitspieler in Messel um einen Amateurtheaterverein mit Sitz in Dreieich zu gr\u00fcnden und geben ihm den Namen &#8222;Theater im Hayn&#8220;. Den Vorstand bilden Ursula Seib, Eva Witwer und Thomas Bach.<\/p>\n\n\n\n<figure class=\"wp-block-image size-large\"><img loading=\"lazy\" decoding=\"async\" width=\"506\" height=\"337\" src=\"http:\/\/theater-im-hayn.de\/wp-content\/uploads\/2020\/05\/Gr\u00fcndungsmitglieder.jpg\" alt=\"\" class=\"wp-image-47\" srcset=\"https:\/\/theater-im-hayn.de\/wp-content\/uploads\/2020\/05\/Gr\u00fcndungsmitglieder.jpg 506w, https:\/\/theater-im-hayn.de\/wp-content\/uploads\/2020\/05\/Gr\u00fcndungsmitglieder-300x200.jpg 300w\" sizes=\"auto, (max-width: 506px) 100vw, 506px\" \/><figcaption>Die Gr\u00fcndungsmitglieder &#8211; hintere Reihe (von links): Karin Lerche-Weinhold, Ursula Seib, Eva Witwer; vordere Reihe (von links): Thomas Bach, Bernd Schwebel, Dieter Polczyk, Wolfgang Seither<\/figcaption><\/figure>\n\n\n\n<p>Im September 2008 beginnen die Proben zur ersten Produktion, &#8222;Verl\u00e4ngertes Wochenende&#8220; von Curth Flatow, unter der Regie von Bernd Schwebel. Premiere wird am 30. Januar 2009 im Katholischen Gemeindezentrum St. Johannes in Dreieich-Dreieichenhain gefeiert.<\/p>\n\n\n\n<p>Bereits im Oktober 2008 wird das Theater im Hayn Mitglied im <a href=\"https:\/\/amateurtheater-hessen.de\/\" target=\"_blank\" rel=\"noreferrer noopener\">Verband Hessischer Amateurtheater<\/a>. Die Anerkennung der Gemeinn\u00fctzigkeit sowie die Eintragung in das Vereinsregister geschieht schlie\u00dflich im Sommer 2009.<\/p>\n\n\n\n<p>In der Folge bringt das Theater im Hayn j\u00e4hrlich ein neues unterhaltsames St\u00fcck auf die B\u00fchne. Nur in der Saison 2012\/13 verzichtet das Ensemble aus Krankheitsgr\u00fcnden auf eine Auff\u00fchrung.<\/p>\n\n\n\n<p>Details zu den einzelnen Theaterst\u00fccken finden Sie <a href=\"https:\/\/theater-im-hayn.de\/?page_id=31\">hier<\/a>.<\/p>\n","protected":false},"excerpt":{"rendered":"<p>Im Fr\u00fchjahr 2008 entscheidet der Vorstand des Odenwaldklub Dreieichenhain sich von seiner Amateurtheatergruppe zu trennen, die seit 1960 eine Vielzahl an Kom\u00f6dien und Schw\u00e4nken auff\u00fchrte. Vor allem der Initiative von Karl Walzer ist es zu verdanken, dass das Ensemble \u00fcber so viele Jahre auftreten konnte. Am 5. August 2008 treffen sich sieben ehemalige Mitspieler in &hellip; <\/p>\n<p class=\"link-more\"><a href=\"https:\/\/theater-im-hayn.de\/?page_id=35\" class=\"more-link\"><span class=\"screen-reader-text\">\u201eHistorie\u201c<\/span> weiterlesen<\/a><\/p>\n","protected":false},"author":1,"featured_media":0,"parent":0,"menu_order":0,"comment_status":"closed","ping_status":"closed","template":"","meta":{"footnotes":""},"class_list":["post-35","page","type-page","status-publish","hentry"],"_links":{"self":[{"href":"https:\/\/theater-im-hayn.de\/index.php?rest_route=\/wp\/v2\/pages\/35","targetHints":{"allow":["GET"]}}],"collection":[{"href":"https:\/\/theater-im-hayn.de\/index.php?rest_route=\/wp\/v2\/pages"}],"about":[{"href":"https:\/\/theater-im-hayn.de\/index.php?rest_route=\/wp\/v2\/types\/page"}],"author":[{"embeddable":true,"href":"https:\/\/theater-im-hayn.de\/index.php?rest_route=\/wp\/v2\/users\/1"}],"replies":[{"embeddable":true,"href":"https:\/\/theater-im-hayn.de\/index.php?rest_route=%2Fwp%2Fv2%2Fcomments&post=35"}],"version-history":[{"count":5,"href":"https:\/\/theater-im-hayn.de\/index.php?rest_route=\/wp\/v2\/pages\/35\/revisions"}],"predecessor-version":[{"id":255,"href":"https:\/\/theater-im-hayn.de\/index.php?rest_route=\/wp\/v2\/pages\/35\/revisions\/255"}],"wp:attachment":[{"href":"https:\/\/theater-im-hayn.de\/index.php?rest_route=%2Fwp%2Fv2%2Fmedia&parent=35"}],"curies":[{"name":"wp","href":"https:\/\/api.w.org\/{rel}","templated":true}]}}

<p>Im Frühjahr 2008 entscheidet der Vorstand des Odenwaldklub Dreieichenhain sich von seiner Amateurtheatergruppe zu trennen, die seit 1960 eine Vielzahl an Komödien und Schwänken aufführte. Vor allem der Initiative von Karl Walzer ist es zu verdanken, dass das Ensemble über so viele Jahre auftreten konnte.</p>



<p>Am 5. August 2008 treffen sich sieben ehemalige Mitspieler in Messel um einen Amateurtheaterverein mit Sitz in Dreieich zu gründen und geben ihm den Namen &#8222;Theater im Hayn&#8220;. Den Vorstand bilden Ursula Seib, Eva Witwer und Thomas Bach.</p>



<figure class="wp-block-image size-large"><img loading="lazy" decoding="async" width="506" height="337" src="http://theater-im-hayn.de/wp-content/uploads/2020/05/Gründungsmitglieder.jpg" alt="" class="wp-image-47" srcset="https://theater-im-hayn.de/wp-content/uploads/2020/05/Gründungsmitglieder.jpg 506w, https://theater-im-hayn.de/wp-content/uploads/2020/05/Gründungsmitglieder-300x200.jpg 300w" sizes="auto, (max-width: 506px) 100vw, 506px" /><figcaption>Die Gründungsmitglieder &#8211; hintere Reihe (von links): Karin Lerche-Weinhold, Ursula Seib, Eva Witwer; vordere Reihe (von links): Thomas Bach, Bernd Schwebel, Dieter Polczyk, Wolfgang Seither</figcaption></figure>



<p>Im September 2008 beginnen die Proben zur ersten Produktion, &#8222;Verlängertes Wochenende&#8220; von Curth Flatow, unter der Regie von Bernd Schwebel. Premiere wird am 30. Januar 2009 im Katholischen Gemeindezentrum St. Johannes in Dreieich-Dreieichenhain gefeiert.</p>



<p>Bereits im Oktober 2008 wird das Theater im Hayn Mitglied im <a href="https://amateurtheater-hessen.de/" target="_blank" rel="noreferrer noopener">Verband Hessischer Amateurtheater</a>. Die Anerkennung der Gemeinnützigkeit sowie die Eintragung in das Vereinsregister geschieht schließlich im Sommer 2009.</p>



<p>In der Folge bringt das Theater im Hayn jährlich ein neues unterhaltsames Stück auf die Bühne. Nur in der Saison 2012/13 verzichtet das Ensemble aus Krankheitsgründen auf eine Aufführung.</p>



<p>Details zu den einzelnen Theaterstücken finden Sie <a href="https://theater-im-hayn.de/?page_id=31">hier</a>.</p>

<p>Im Frühjahr 2008 entscheidet der Vorstand des Odenwaldklub Dreieichenhain sich von seiner Amateurtheatergruppe zu trennen, die seit 1960 eine Vielzahl an Komödien und Schwänken aufführte. Vor allem der Initiative von Karl Walzer ist es zu verdanken, dass das Ensemble über so viele Jahre auftreten konnte. Am 5. August 2008 treffen sich sieben ehemalige Mitspieler in &hellip; </p>
<p class="link-more"><a href="https://theater-im-hayn.de/?page_id=35" class="more-link"><span class="screen-reader-text">„Historie“</span> weiterlesen</a></p>
