{"id":347,"date":"2023-01-28T14:56:01","date_gmt":"2023-01-28T13:56:01","guid":{"rendered":"https:\/\/theater-im-hayn.de\/?page_id=347"},"modified":"2025-02-23T14:24:26","modified_gmt":"2025-02-23T13:24:26","slug":"carsten-kahl","status":"publish","type":"page","link":"https:\/\/theater-im-hayn.de\/?page_id=347","title":{"rendered":"Carsten Kahl"},"content":{"rendered":"\n<div class=\"wp-block-group alignwide\"><div class=\"wp-block-group__inner-container is-layout-constrained wp-block-group-is-layout-constrained\">\n<div class=\"wp-block-media-text alignwide has-media-on-the-right is-stacked-on-mobile is-vertically-aligned-top\"><div class=\"wp-block-media-text__content\">\n<p>Carsten begann 2016 bei der Studiob\u00fchne Dreieich mit der Schauspielerei. Er ist mittlerweile auch Mitglied der Theatergruppen Theaterart in Neu-Isenburg, One More Act in Langen, des Burgtheaters des GHV und eines Theaterprojekts des evangelischen Dekanats Dreieich-Rodgau. Im Fr\u00fchjahr 2022 stand erstmals f\u00fcr das Theater im Hayn auf der B\u00fchne<\/p>\n<\/div><figure class=\"wp-block-media-text__media\"><img loading=\"lazy\" decoding=\"async\" width=\"1024\" height=\"873\" src=\"https:\/\/theater-im-hayn.de\/wp-content\/uploads\/2023\/01\/Portrait-Carsten-2-1024x873.jpg\" alt=\"\" class=\"wp-image-348 size-full\" srcset=\"https:\/\/theater-im-hayn.de\/wp-content\/uploads\/2023\/01\/Portrait-Carsten-2-1024x873.jpg 1024w, https:\/\/theater-im-hayn.de\/wp-content\/uploads\/2023\/01\/Portrait-Carsten-2-300x256.jpg 300w, https:\/\/theater-im-hayn.de\/wp-content\/uploads\/2023\/01\/Portrait-Carsten-2-768x655.jpg 768w, https:\/\/theater-im-hayn.de\/wp-content\/uploads\/2023\/01\/Portrait-Carsten-2-1536x1310.jpg 1536w, https:\/\/theater-im-hayn.de\/wp-content\/uploads\/2023\/01\/Portrait-Carsten-2-2048x1746.jpg 2048w\" sizes=\"auto, (max-width: 767px) 89vw, (max-width: 1000px) 54vw, (max-width: 1071px) 543px, 580px\" \/><\/figure><\/div>\n<\/div><\/div>\n\n\n\n<figure class=\"wp-block-table is-style-stripes\"><table><tbody><tr><td><strong>Jahr<\/strong><\/td><td><strong>St\u00fcck<\/strong><\/td><td><strong>Rolle \/ Aufgabe<\/strong><\/td><\/tr><tr><td>2025<\/td><td><a href=\"https:\/\/theater-im-hayn.de\/?page_id=507\" data-type=\"page\" data-id=\"507\">Zum Henker mit den Henks<\/a><\/td><td>Henry Henk<\/td><\/tr><tr><td>2024<\/td><td><a href=\"https:\/\/theater-im-hayn.de\/?page_id=441\" data-type=\"page\" data-id=\"441\">Wer ist schon gern der Trottel?<\/a><\/td><td>Alec &amp; Mr. Kurasowa<\/td><\/tr><tr><td>2023<\/td><td><a href=\"https:\/\/theater-im-hayn.de\/?page_id=311\" data-type=\"page\" data-id=\"311\">Eine etwas sonderbare Dame<\/a><\/td><td>Hannibal<\/td><\/tr><tr><td>2022<\/td><td><a href=\"https:\/\/theater-im-hayn.de\/?page_id=259\" data-type=\"page\" data-id=\"259\">Es f\u00e4hrt kein Zug nach Irgendwo<\/a><\/td><td>Hubert, der Verschw\u00f6rungtheoretiker<\/td><\/tr><\/tbody><\/table><\/figure>\n","protected":false},"excerpt":{"rendered":"<p>Carsten begann 2016 bei der Studiob\u00fchne Dreieich mit der Schauspielerei. Er ist mittlerweile auch Mitglied der Theatergruppen Theaterart in Neu-Isenburg, One More Act in Langen, des Burgtheaters des GHV und eines Theaterprojekts des evangelischen Dekanats Dreieich-Rodgau. Im Fr\u00fchjahr 2022 stand erstmals f\u00fcr das Theater im Hayn auf der B\u00fchne Jahr St\u00fcck Rolle \/ Aufgabe 2025 &hellip; <\/p>\n<p class=\"link-more\"><a href=\"https:\/\/theater-im-hayn.de\/?page_id=347\" class=\"more-link\"><span class=\"screen-reader-text\">\u201eCarsten Kahl\u201c<\/span> weiterlesen<\/a><\/p>\n","protected":false},"author":1,"featured_media":0,"parent":0,"menu_order":0,"comment_status":"closed","ping_status":"closed","template":"","meta":{"footnotes":""},"class_list":["post-347","page","type-page","status-publish","hentry"],"_links":{"self":[{"href":"https:\/\/theater-im-hayn.de\/index.php?rest_route=\/wp\/v2\/pages\/347","targetHints":{"allow":["GET"]}}],"collection":[{"href":"https:\/\/theater-im-hayn.de\/index.php?rest_route=\/wp\/v2\/pages"}],"about":[{"href":"https:\/\/theater-im-hayn.de\/index.php?rest_route=\/wp\/v2\/types\/page"}],"author":[{"embeddable":true,"href":"https:\/\/theater-im-hayn.de\/index.php?rest_route=\/wp\/v2\/users\/1"}],"replies":[{"embeddable":true,"href":"https:\/\/theater-im-hayn.de\/index.php?rest_route=%2Fwp%2Fv2%2Fcomments&post=347"}],"version-history":[{"count":6,"href":"https:\/\/theater-im-hayn.de\/index.php?rest_route=\/wp\/v2\/pages\/347\/revisions"}],"predecessor-version":[{"id":545,"href":"https:\/\/theater-im-hayn.de\/index.php?rest_route=\/wp\/v2\/pages\/347\/revisions\/545"}],"wp:attachment":[{"href":"https:\/\/theater-im-hayn.de\/index.php?rest_route=%2Fwp%2Fv2%2Fmedia&parent=347"}],"curies":[{"name":"wp","href":"https:\/\/api.w.org\/{rel}","templated":true}]}}

<div class="wp-block-group alignwide"><div class="wp-block-group__inner-container is-layout-constrained wp-block-group-is-layout-constrained">
<div class="wp-block-media-text alignwide has-media-on-the-right is-stacked-on-mobile is-vertically-aligned-top"><div class="wp-block-media-text__content">
<p>Carsten begann 2016 bei der Studiobühne Dreieich mit der Schauspielerei. Er ist mittlerweile auch Mitglied der Theatergruppen Theaterart in Neu-Isenburg, One More Act in Langen, des Burgtheaters des GHV und eines Theaterprojekts des evangelischen Dekanats Dreieich-Rodgau. Im Frühjahr 2022 stand erstmals für das Theater im Hayn auf der Bühne</p>
</div><figure class="wp-block-media-text__media"><img loading="lazy" decoding="async" width="1024" height="873" src="https://theater-im-hayn.de/wp-content/uploads/2023/01/Portrait-Carsten-2-1024x873.jpg" alt="" class="wp-image-348 size-full" srcset="https://theater-im-hayn.de/wp-content/uploads/2023/01/Portrait-Carsten-2-1024x873.jpg 1024w, https://theater-im-hayn.de/wp-content/uploads/2023/01/Portrait-Carsten-2-300x256.jpg 300w, https://theater-im-hayn.de/wp-content/uploads/2023/01/Portrait-Carsten-2-768x655.jpg 768w, https://theater-im-hayn.de/wp-content/uploads/2023/01/Portrait-Carsten-2-1536x1310.jpg 1536w, https://theater-im-hayn.de/wp-content/uploads/2023/01/Portrait-Carsten-2-2048x1746.jpg 2048w" sizes="auto, (max-width: 767px) 89vw, (max-width: 1000px) 54vw, (max-width: 1071px) 543px, 580px" /></figure></div>
</div></div>



<figure class="wp-block-table is-style-stripes"><table><tbody><tr><td><strong>Jahr</strong></td><td><strong>Stück</strong></td><td><strong>Rolle / Aufgabe</strong></td></tr><tr><td>2025</td><td><a href="https://theater-im-hayn.de/?page_id=507" data-type="page" data-id="507">Zum Henker mit den Henks</a></td><td>Henry Henk</td></tr><tr><td>2024</td><td><a href="https://theater-im-hayn.de/?page_id=441" data-type="page" data-id="441">Wer ist schon gern der Trottel?</a></td><td>Alec &amp; Mr. Kurasowa</td></tr><tr><td>2023</td><td><a href="https://theater-im-hayn.de/?page_id=311" data-type="page" data-id="311">Eine etwas sonderbare Dame</a></td><td>Hannibal</td></tr><tr><td>2022</td><td><a href="https://theater-im-hayn.de/?page_id=259" data-type="page" data-id="259">Es fährt kein Zug nach Irgendwo</a></td><td>Hubert, der Verschwörungtheoretiker</td></tr></tbody></table></figure>

<p>Carsten begann 2016 bei der Studiobühne Dreieich mit der Schauspielerei. Er ist mittlerweile auch Mitglied der Theatergruppen Theaterart in Neu-Isenburg, One More Act in Langen, des Burgtheaters des GHV und eines Theaterprojekts des evangelischen Dekanats Dreieich-Rodgau. Im Frühjahr 2022 stand erstmals für das Theater im Hayn auf der Bühne Jahr Stück Rolle / Aufgabe 2025 &hellip; </p>
<p class="link-more"><a href="https://theater-im-hayn.de/?page_id=347" class="more-link"><span class="screen-reader-text">„Carsten Kahl“</span> weiterlesen</a></p>
