{"id":31,"date":"2020-05-22T12:27:42","date_gmt":"2020-05-22T12:27:42","guid":{"rendered":"http:\/\/theater-im-hayn.de\/?page_id=31"},"modified":"2025-12-07T10:54:49","modified_gmt":"2025-12-07T09:54:49","slug":"stuecke","status":"publish","type":"page","link":"https:\/\/theater-im-hayn.de\/?page_id=31","title":{"rendered":"St\u00fccke"},"content":{"rendered":"\n<p>Hier finden Sie eine \u00dcbersicht zu unseren bisherigen Produktionen. In n\u00e4chster Zeit werden Sie durch das Klicken auf die einzelnen Titel auch auf weitere Details zugreifen k\u00f6nnen.<\/p>\n\n\n\n<div class=\"wp-block-group\"><div class=\"wp-block-group__inner-container is-layout-flow wp-block-group-is-layout-flow\">\n<ul class=\"wp-block-list\">\n<li>2026 &#8211; <strong><a href=\"https:\/\/theater-im-hayn.de\/?page_id=585\" data-type=\"page\" data-id=\"585\">L\u00fcgen \u00fcber L\u00fcgen<\/a><\/strong><br><em>von Walter G. Pfaus; Regie: <a href=\"https:\/\/theater-im-hayn.de\/?page_id=71\" data-type=\"page\" data-id=\"71\">Ursula Seib<\/a><\/em><\/li>\n\n\n\n<li>2025 &#8211;<a href=\"https:\/\/theater-im-hayn.de\/?page_id=507\" data-type=\"page\" data-id=\"507\"> <strong>Zum Henker mit den Henks<\/strong><\/a><br><em>von Norman Robbins; Regie: <a href=\"https:\/\/theater-im-hayn.de\/?page_id=71\" data-type=\"page\" data-id=\"71\">Ursula Seib<\/a><\/em><\/li>\n\n\n\n<li>2024 &#8211; <a href=\"https:\/\/theater-im-hayn.de\/?page_id=441\" data-type=\"page\" data-id=\"441\"><strong>Wer ist schon gern der Trottel?<\/strong><\/a><br><em>von John Chapman &amp; Peter Vincent; Regie: <a href=\"https:\/\/theater-im-hayn.de\/?page_id=71\" data-type=\"page\" data-id=\"71\">Ursula Seib<\/a><\/em><\/li>\n\n\n\n<li>2023 &#8211; <strong><a href=\"https:\/\/theater-im-hayn.de\/?page_id=311\" data-type=\"page\" data-id=\"311\">Eine etwas sonderbare Dame<\/a><\/strong><br><em>von John Patrick; Regie: <a href=\"https:\/\/theater-im-hayn.de\/?page_id=71\" data-type=\"page\" data-id=\"71\">Ursula Seib<\/a><\/em><\/li>\n\n\n\n<li>2022 &#8211; <strong><a href=\"https:\/\/theater-im-hayn.de\/?page_id=259\">Es f\u00e4hrt kein Zug nach Irgendwo<\/a><\/strong><br><em>von Winnie Abel; Regie: <a href=\"https:\/\/theater-im-hayn.de\/?page_id=71\">Ursula Seib<\/a><\/em><\/li>\n\n\n\n<li>2020 &#8211; <a href=\"https:\/\/theater-im-hayn.de\/?page_id=222\"><strong>Bubblegum und Brillanten<\/strong><\/a><br><em>von J\u00fcrgen Baumgarten; Regie: <a href=\"https:\/\/theater-im-hayn.de\/?page_id=71\">Ursula Seib<\/a><\/em><\/li>\n\n\n\n<li>2019 &#8211; <strong><a href=\"https:\/\/theater-im-hayn.de\/?page_id=234\">Ein gem\u00fctliches Wochenende<\/a><\/strong><br><em>von Jean Stuart; Regie: <a href=\"https:\/\/theater-im-hayn.de\/?page_id=71\">Ursula Seib<\/a><\/em><\/li>\n\n\n\n<li>2018 &#8211; <strong><a href=\"https:\/\/theater-im-hayn.de\/?page_id=237\">Neurosige Zeiten<\/a><\/strong><br><em>von Winnie Abel; Regie: <a href=\"https:\/\/theater-im-hayn.de\/?page_id=71\">Ursula Seib<\/a><\/em><\/li>\n\n\n\n<li>2017 &#8211; <strong><a href=\"https:\/\/theater-im-hayn.de\/?page_id=239\">Party im Strandkorb<\/a><\/strong><br><em>von Bodo Schirmers; Regie: <a href=\"https:\/\/theater-im-hayn.de\/?page_id=71\">Ursula Seib<\/a><\/em><\/li>\n\n\n\n<li>2016 &#8211; <strong><a href=\"https:\/\/theater-im-hayn.de\/?page_id=241\">Keine Leiche ohne Lily<\/a><\/strong><br><em>von Jack Popplewell; Regie: Bernd Schwebel<\/em><\/li>\n\n\n\n<li>2015 &#8211; <strong><a href=\"https:\/\/theater-im-hayn.de\/?page_id=244\">Die Balkonszene<\/a><\/strong><br><em>von John Chapman &amp; Anthony Marriott; Regie: <a href=\"https:\/\/theater-im-hayn.de\/?page_id=71\">Ursula Seib<\/a><\/em><\/li>\n\n\n\n<li>2014 &#8211; <strong>Wie w\u00e4rs denn, Mrs. Markham<\/strong><br><em>von Ray Cooney &amp; John Chapman; Regie: Bernd Schwebel<\/em><\/li>\n\n\n\n<li>2012 &#8211; <strong>Total durchgedreht<\/strong> <br><em>von Walter G. Pfaus; Regie: Bernd Schwebel<\/em><\/li>\n\n\n\n<li>2011 &#8211; <strong>Hier sind Sie richtig!<\/strong><br><em>von Marc Camoletti; Regie: Bernd Schwebel<\/em><\/li>\n\n\n\n<li>2010 &#8211; <strong>Wenn schon &#8211; denn schon<\/strong><br><em>von Ray Cooney; Regie: Bernd Schwebel<\/em><\/li>\n\n\n\n<li>2009 &#8211; <strong>Verl\u00e4ngertes Wochenende<\/strong><br><em>von Curth Flatow; Regie: Bernd Schwebel<\/em><br><\/li>\n<\/ul>\n<\/div><\/div>\n\n\n\n<p><\/p>\n","protected":false},"excerpt":{"rendered":"<p>Hier finden Sie eine \u00dcbersicht zu unseren bisherigen Produktionen. In n\u00e4chster Zeit werden Sie durch das Klicken auf die einzelnen Titel auch auf weitere Details zugreifen k\u00f6nnen.<\/p>\n","protected":false},"author":1,"featured_media":0,"parent":0,"menu_order":0,"comment_status":"closed","ping_status":"closed","template":"","meta":{"footnotes":""},"class_list":["post-31","page","type-page","status-publish","hentry"],"_links":{"self":[{"href":"https:\/\/theater-im-hayn.de\/index.php?rest_route=\/wp\/v2\/pages\/31","targetHints":{"allow":["GET"]}}],"collection":[{"href":"https:\/\/theater-im-hayn.de\/index.php?rest_route=\/wp\/v2\/pages"}],"about":[{"href":"https:\/\/theater-im-hayn.de\/index.php?rest_route=\/wp\/v2\/types\/page"}],"author":[{"embeddable":true,"href":"https:\/\/theater-im-hayn.de\/index.php?rest_route=\/wp\/v2\/users\/1"}],"replies":[{"embeddable":true,"href":"https:\/\/theater-im-hayn.de\/index.php?rest_route=%2Fwp%2Fv2%2Fcomments&post=31"}],"version-history":[{"count":15,"href":"https:\/\/theater-im-hayn.de\/index.php?rest_route=\/wp\/v2\/pages\/31\/revisions"}],"predecessor-version":[{"id":591,"href":"https:\/\/theater-im-hayn.de\/index.php?rest_route=\/wp\/v2\/pages\/31\/revisions\/591"}],"wp:attachment":[{"href":"https:\/\/theater-im-hayn.de\/index.php?rest_route=%2Fwp%2Fv2%2Fmedia&parent=31"}],"curies":[{"name":"wp","href":"https:\/\/api.w.org\/{rel}","templated":true}]}}

Stücke

<p>Hier finden Sie eine Übersicht zu unseren bisherigen Produktionen. In nächster Zeit werden Sie durch das Klicken auf die einzelnen Titel auch auf weitere Details zugreifen können.</p>



<div class="wp-block-group"><div class="wp-block-group__inner-container is-layout-flow wp-block-group-is-layout-flow">
<ul class="wp-block-list">
<li>2026 &#8211; <strong><a href="https://theater-im-hayn.de/?page_id=585" data-type="page" data-id="585">Lügen über Lügen</a></strong><br><em>von Walter G. Pfaus; Regie: <a href="https://theater-im-hayn.de/?page_id=71" data-type="page" data-id="71">Ursula Seib</a></em></li>



<li>2025 &#8211;<a href="https://theater-im-hayn.de/?page_id=507" data-type="page" data-id="507"> <strong>Zum Henker mit den Henks</strong></a><br><em>von Norman Robbins; Regie: <a href="https://theater-im-hayn.de/?page_id=71" data-type="page" data-id="71">Ursula Seib</a></em></li>



<li>2024 &#8211; <a href="https://theater-im-hayn.de/?page_id=441" data-type="page" data-id="441"><strong>Wer ist schon gern der Trottel?</strong></a><br><em>von John Chapman &amp; Peter Vincent; Regie: <a href="https://theater-im-hayn.de/?page_id=71" data-type="page" data-id="71">Ursula Seib</a></em></li>



<li>2023 &#8211; <strong><a href="https://theater-im-hayn.de/?page_id=311" data-type="page" data-id="311">Eine etwas sonderbare Dame</a></strong><br><em>von John Patrick; Regie: <a href="https://theater-im-hayn.de/?page_id=71" data-type="page" data-id="71">Ursula Seib</a></em></li>



<li>2022 &#8211; <strong><a href="https://theater-im-hayn.de/?page_id=259">Es fährt kein Zug nach Irgendwo</a></strong><br><em>von Winnie Abel; Regie: <a href="https://theater-im-hayn.de/?page_id=71">Ursula Seib</a></em></li>



<li>2020 &#8211; <a href="https://theater-im-hayn.de/?page_id=222"><strong>Bubblegum und Brillanten</strong></a><br><em>von Jürgen Baumgarten; Regie: <a href="https://theater-im-hayn.de/?page_id=71">Ursula Seib</a></em></li>



<li>2019 &#8211; <strong><a href="https://theater-im-hayn.de/?page_id=234">Ein gemütliches Wochenende</a></strong><br><em>von Jean Stuart; Regie: <a href="https://theater-im-hayn.de/?page_id=71">Ursula Seib</a></em></li>



<li>2018 &#8211; <strong><a href="https://theater-im-hayn.de/?page_id=237">Neurosige Zeiten</a></strong><br><em>von Winnie Abel; Regie: <a href="https://theater-im-hayn.de/?page_id=71">Ursula Seib</a></em></li>



<li>2017 &#8211; <strong><a href="https://theater-im-hayn.de/?page_id=239">Party im Strandkorb</a></strong><br><em>von Bodo Schirmers; Regie: <a href="https://theater-im-hayn.de/?page_id=71">Ursula Seib</a></em></li>



<li>2016 &#8211; <strong><a href="https://theater-im-hayn.de/?page_id=241">Keine Leiche ohne Lily</a></strong><br><em>von Jack Popplewell; Regie: Bernd Schwebel</em></li>



<li>2015 &#8211; <strong><a href="https://theater-im-hayn.de/?page_id=244">Die Balkonszene</a></strong><br><em>von John Chapman &amp; Anthony Marriott; Regie: <a href="https://theater-im-hayn.de/?page_id=71">Ursula Seib</a></em></li>



<li>2014 &#8211; <strong>Wie wärs denn, Mrs. Markham</strong><br><em>von Ray Cooney &amp; John Chapman; Regie: Bernd Schwebel</em></li>



<li>2012 &#8211; <strong>Total durchgedreht</strong> <br><em>von Walter G. Pfaus; Regie: Bernd Schwebel</em></li>



<li>2011 &#8211; <strong>Hier sind Sie richtig!</strong><br><em>von Marc Camoletti; Regie: Bernd Schwebel</em></li>



<li>2010 &#8211; <strong>Wenn schon &#8211; denn schon</strong><br><em>von Ray Cooney; Regie: Bernd Schwebel</em></li>



<li>2009 &#8211; <strong>Verlängertes Wochenende</strong><br><em>von Curth Flatow; Regie: Bernd Schwebel</em><br></li>
</ul>
</div></div>



<p></p>

<p>Hier finden Sie eine Übersicht zu unseren bisherigen Produktionen. In nächster Zeit werden Sie durch das Klicken auf die einzelnen Titel auch auf weitere Details zugreifen können.</p>
