{"id":27,"date":"2020-05-22T12:08:38","date_gmt":"2020-05-22T12:08:38","guid":{"rendered":"http:\/\/theater-im-hayn.de\/?page_id=27"},"modified":"2026-03-14T11:50:40","modified_gmt":"2026-03-14T10:50:40","slug":"mitwirkende","status":"publish","type":"page","link":"https:\/\/theater-im-hayn.de\/?page_id=27","title":{"rendered":"Mitwirkende"},"content":{"rendered":"\n<p>In \u00fcber zehn Jahren haben an die 40 Personen auf der B\u00fchne gestanden oder in anderen Funktionen an den Auff\u00fchrungen des Theater im Hayn mitgewirkt. Im Folgenden finden Sie unser aktuelles Ensemble:<\/p>\n\n\n\n<div class=\"wp-block-group\"><div class=\"wp-block-group__inner-container is-layout-constrained wp-block-group-is-layout-constrained\"><\/div><\/div>\n\n\n\n<div class=\"wp-block-media-text alignwide is-stacked-on-mobile is-vertically-aligned-top\" style=\"grid-template-columns:19% auto\"><figure class=\"wp-block-media-text__media\"><img loading=\"lazy\" decoding=\"async\" width=\"755\" height=\"1016\" src=\"https:\/\/theater-im-hayn.de\/wp-content\/uploads\/2021\/06\/Portrait-Eva.jpg\" alt=\"\" class=\"wp-image-203 size-full\" srcset=\"https:\/\/theater-im-hayn.de\/wp-content\/uploads\/2021\/06\/Portrait-Eva.jpg 755w, https:\/\/theater-im-hayn.de\/wp-content\/uploads\/2021\/06\/Portrait-Eva-223x300.jpg 223w\" sizes=\"auto, (max-width: 706px) 89vw, (max-width: 767px) 82vw, 740px\" \/><\/figure><div class=\"wp-block-media-text__content\">\n<p class=\"has-large-font-size\"><a href=\"https:\/\/theater-im-hayn.de\/?page_id=81\">Eva Witwer<\/a><\/p>\n<\/div><\/div>\n\n\n\n<div class=\"wp-block-media-text alignwide is-stacked-on-mobile is-vertically-aligned-top\" style=\"grid-template-columns:19% auto\"><figure class=\"wp-block-media-text__media\"><img loading=\"lazy\" decoding=\"async\" width=\"591\" height=\"762\" src=\"https:\/\/theater-im-hayn.de\/wp-content\/uploads\/2021\/06\/Portrait-Francesca.jpg\" alt=\"\" class=\"wp-image-204 size-full\" srcset=\"https:\/\/theater-im-hayn.de\/wp-content\/uploads\/2021\/06\/Portrait-Francesca.jpg 591w, https:\/\/theater-im-hayn.de\/wp-content\/uploads\/2021\/06\/Portrait-Francesca-233x300.jpg 233w\" sizes=\"auto, (max-width: 591px) 100vw, 591px\" \/><\/figure><div class=\"wp-block-media-text__content\">\n<p class=\"has-large-font-size\"><a href=\"https:\/\/theater-im-hayn.de\/?page_id=139\">Francesca Eifler<\/a><\/p>\n<\/div><\/div>\n\n\n\n<div class=\"wp-block-media-text alignwide is-stacked-on-mobile is-vertically-aligned-top\" style=\"grid-template-columns:19% auto\"><figure class=\"wp-block-media-text__media\"><img loading=\"lazy\" decoding=\"async\" width=\"768\" height=\"1024\" src=\"https:\/\/theater-im-hayn.de\/wp-content\/uploads\/2021\/06\/gerhardvoltz-1-768x1024.jpg\" alt=\"\" class=\"wp-image-205 size-full\" srcset=\"https:\/\/theater-im-hayn.de\/wp-content\/uploads\/2021\/06\/gerhardvoltz-1-768x1024.jpg 768w, https:\/\/theater-im-hayn.de\/wp-content\/uploads\/2021\/06\/gerhardvoltz-1-225x300.jpg 225w, https:\/\/theater-im-hayn.de\/wp-content\/uploads\/2021\/06\/gerhardvoltz-1-1152x1536.jpg 1152w, https:\/\/theater-im-hayn.de\/wp-content\/uploads\/2021\/06\/gerhardvoltz-1-1536x2048.jpg 1536w, https:\/\/theater-im-hayn.de\/wp-content\/uploads\/2021\/06\/gerhardvoltz-1-scaled.jpg 1920w\" sizes=\"auto, (max-width: 767px) 89vw, (max-width: 1000px) 54vw, (max-width: 1071px) 543px, 580px\" \/><\/figure><div class=\"wp-block-media-text__content\">\n<p class=\"has-large-font-size\"><a href=\"https:\/\/theater-im-hayn.de\/?page_id=172\">Gerhard Voltz<\/a><\/p>\n<\/div><\/div>\n\n\n\n<div class=\"wp-block-media-text alignwide is-stacked-on-mobile is-vertically-aligned-top\" style=\"grid-template-columns:19% auto\"><figure class=\"wp-block-media-text__media\"><img loading=\"lazy\" decoding=\"async\" width=\"710\" height=\"1024\" src=\"https:\/\/theater-im-hayn.de\/wp-content\/uploads\/2021\/06\/Gerd-1-710x1024.jpg\" alt=\"\" class=\"wp-image-206 size-full\" srcset=\"https:\/\/theater-im-hayn.de\/wp-content\/uploads\/2021\/06\/Gerd-1-710x1024.jpg 710w, https:\/\/theater-im-hayn.de\/wp-content\/uploads\/2021\/06\/Gerd-1-208x300.jpg 208w, https:\/\/theater-im-hayn.de\/wp-content\/uploads\/2021\/06\/Gerd-1.jpg 734w\" sizes=\"auto, (max-width: 710px) 100vw, 710px\" \/><\/figure><div class=\"wp-block-media-text__content\">\n<p class=\"has-large-font-size\"><a href=\"https:\/\/theater-im-hayn.de\/?page_id=159\">Gerd Schaffert<\/a><\/p>\n<\/div><\/div>\n\n\n\n<div class=\"wp-block-media-text alignwide is-stacked-on-mobile is-vertically-aligned-top\" style=\"grid-template-columns:19% auto\"><figure class=\"wp-block-media-text__media\"><img loading=\"lazy\" decoding=\"async\" width=\"527\" height=\"734\" src=\"https:\/\/theater-im-hayn.de\/wp-content\/uploads\/2021\/06\/Portrait-Holger-1.jpg\" alt=\"\" class=\"wp-image-208 size-full\" srcset=\"https:\/\/theater-im-hayn.de\/wp-content\/uploads\/2021\/06\/Portrait-Holger-1.jpg 527w, https:\/\/theater-im-hayn.de\/wp-content\/uploads\/2021\/06\/Portrait-Holger-1-215x300.jpg 215w\" sizes=\"auto, (max-width: 527px) 100vw, 527px\" \/><\/figure><div class=\"wp-block-media-text__content\">\n<p class=\"has-large-font-size\"><a href=\"https:\/\/theater-im-hayn.de\/?page_id=182\">Holger Schmidt<\/a><\/p>\n<\/div><\/div>\n\n\n\n<div class=\"wp-block-media-text alignwide is-stacked-on-mobile is-vertically-aligned-top\" style=\"grid-template-columns:19% auto\"><figure class=\"wp-block-media-text__media\"><img loading=\"lazy\" decoding=\"async\" width=\"770\" height=\"1003\" src=\"http:\/\/theater-im-hayn.de\/wp-content\/uploads\/2021\/01\/Portrait-Martin.jpg\" alt=\"\" class=\"wp-image-101 size-full\" srcset=\"https:\/\/theater-im-hayn.de\/wp-content\/uploads\/2021\/01\/Portrait-Martin.jpg 770w, https:\/\/theater-im-hayn.de\/wp-content\/uploads\/2021\/01\/Portrait-Martin-230x300.jpg 230w, https:\/\/theater-im-hayn.de\/wp-content\/uploads\/2021\/01\/Portrait-Martin-768x1000.jpg 768w\" sizes=\"auto, (max-width: 767px) 89vw, (max-width: 1000px) 54vw, (max-width: 1071px) 543px, 580px\" \/><\/figure><div class=\"wp-block-media-text__content\">\n<p class=\"has-large-font-size\"><a href=\"https:\/\/theater-im-hayn.de\/?page_id=100\" data-type=\"page\" data-id=\"100\">Martin Tr\u00fcbner<\/a><\/p>\n<\/div><\/div>\n\n\n\n<div class=\"wp-block-media-text alignwide is-stacked-on-mobile is-vertically-aligned-top\" style=\"grid-template-columns:19% auto\"><figure class=\"wp-block-media-text__media\"><img loading=\"lazy\" decoding=\"async\" width=\"348\" height=\"398\" src=\"https:\/\/theater-im-hayn.de\/wp-content\/uploads\/2021\/06\/Portrait-Max-2.jpg\" alt=\"\" class=\"wp-image-214 size-full\" srcset=\"https:\/\/theater-im-hayn.de\/wp-content\/uploads\/2021\/06\/Portrait-Max-2.jpg 348w, https:\/\/theater-im-hayn.de\/wp-content\/uploads\/2021\/06\/Portrait-Max-2-262x300.jpg 262w\" sizes=\"auto, (max-width: 348px) 100vw, 348px\" \/><\/figure><div class=\"wp-block-media-text__content\">\n<p class=\"has-large-font-size\"><a href=\"https:\/\/theater-im-hayn.de\/?page_id=134\">Maximilian Nowak<\/a><\/p>\n<\/div><\/div>\n\n\n\n<div class=\"wp-block-media-text alignwide is-stacked-on-mobile is-vertically-aligned-top\" style=\"grid-template-columns:19% auto\"><figure class=\"wp-block-media-text__media\"><img loading=\"lazy\" decoding=\"async\" width=\"930\" height=\"999\" src=\"https:\/\/theater-im-hayn.de\/wp-content\/uploads\/2021\/06\/Portrait-Petra-K.jpg\" alt=\"\" class=\"wp-image-216 size-full\" srcset=\"https:\/\/theater-im-hayn.de\/wp-content\/uploads\/2021\/06\/Portrait-Petra-K.jpg 930w, https:\/\/theater-im-hayn.de\/wp-content\/uploads\/2021\/06\/Portrait-Petra-K-279x300.jpg 279w, https:\/\/theater-im-hayn.de\/wp-content\/uploads\/2021\/06\/Portrait-Petra-K-768x825.jpg 768w\" sizes=\"auto, (max-width: 767px) 89vw, (max-width: 1000px) 54vw, (max-width: 1071px) 543px, 580px\" \/><\/figure><div class=\"wp-block-media-text__content\">\n<p class=\"has-large-font-size\"><a href=\"https:\/\/theater-im-hayn.de\/?page_id=114\">Petra Kreiner<\/a><\/p>\n<\/div><\/div>\n\n\n\n<div class=\"wp-block-media-text is-stacked-on-mobile\" style=\"grid-template-columns:19% auto\"><figure class=\"wp-block-media-text__media\"><img loading=\"lazy\" decoding=\"async\" width=\"825\" height=\"1024\" src=\"https:\/\/theater-im-hayn.de\/wp-content\/uploads\/2026\/03\/5a0271dc-6801-4461-867a-e782c19b162d-3-825x1024.jpg\" alt=\"\" class=\"wp-image-631 size-full\" srcset=\"https:\/\/theater-im-hayn.de\/wp-content\/uploads\/2026\/03\/5a0271dc-6801-4461-867a-e782c19b162d-3-825x1024.jpg 825w, https:\/\/theater-im-hayn.de\/wp-content\/uploads\/2026\/03\/5a0271dc-6801-4461-867a-e782c19b162d-3-242x300.jpg 242w, https:\/\/theater-im-hayn.de\/wp-content\/uploads\/2026\/03\/5a0271dc-6801-4461-867a-e782c19b162d-3-768x954.jpg 768w, https:\/\/theater-im-hayn.de\/wp-content\/uploads\/2026\/03\/5a0271dc-6801-4461-867a-e782c19b162d-3.jpg 1080w\" sizes=\"auto, (max-width: 767px) 89vw, (max-width: 1000px) 54vw, (max-width: 1071px) 543px, 580px\" \/><\/figure><div class=\"wp-block-media-text__content\">\n<p class=\"has-large-font-size\" style=\"line-height:1.5\"><a href=\"https:\/\/theater-im-hayn.de\/?page_id=617\" data-type=\"page\" data-id=\"617\">Stella Lachmann<\/a><\/p>\n<\/div><\/div>\n\n\n\n<div class=\"wp-block-media-text alignwide is-stacked-on-mobile is-vertically-aligned-top\" style=\"grid-template-columns:19% auto\"><figure class=\"wp-block-media-text__media\"><img loading=\"lazy\" decoding=\"async\" width=\"1024\" height=\"962\" src=\"https:\/\/theater-im-hayn.de\/wp-content\/uploads\/2021\/06\/Portrait-Uschi-1024x962.jpg\" alt=\"\" class=\"wp-image-217 size-full\" srcset=\"https:\/\/theater-im-hayn.de\/wp-content\/uploads\/2021\/06\/Portrait-Uschi-1024x962.jpg 1024w, https:\/\/theater-im-hayn.de\/wp-content\/uploads\/2021\/06\/Portrait-Uschi-300x282.jpg 300w, https:\/\/theater-im-hayn.de\/wp-content\/uploads\/2021\/06\/Portrait-Uschi-768x721.jpg 768w, https:\/\/theater-im-hayn.de\/wp-content\/uploads\/2021\/06\/Portrait-Uschi-1536x1442.jpg 1536w, https:\/\/theater-im-hayn.de\/wp-content\/uploads\/2021\/06\/Portrait-Uschi.jpg 2000w\" sizes=\"auto, (max-width: 767px) 89vw, (max-width: 1000px) 54vw, (max-width: 1071px) 543px, 580px\" \/><\/figure><div class=\"wp-block-media-text__content\">\n<p class=\"has-large-font-size\"><a href=\"https:\/\/theater-im-hayn.de\/?page_id=71\">Ursula Seib<\/a><\/p>\n<\/div><\/div>\n\n\n\n<p><\/p>\n","protected":false},"excerpt":{"rendered":"<p>In \u00fcber zehn Jahren haben an die 40 Personen auf der B\u00fchne gestanden oder in anderen Funktionen an den Auff\u00fchrungen des Theater im Hayn mitgewirkt. Im Folgenden finden Sie unser aktuelles Ensemble: Eva Witwer Francesca Eifler Gerhard Voltz Gerd Schaffert Holger Schmidt Martin Tr\u00fcbner Maximilian Nowak Petra Kreiner Stella Lachmann Ursula Seib<\/p>\n","protected":false},"author":1,"featured_media":0,"parent":0,"menu_order":0,"comment_status":"closed","ping_status":"closed","template":"","meta":{"footnotes":""},"class_list":["post-27","page","type-page","status-publish","hentry"],"_links":{"self":[{"href":"https:\/\/theater-im-hayn.de\/index.php?rest_route=\/wp\/v2\/pages\/27","targetHints":{"allow":["GET"]}}],"collection":[{"href":"https:\/\/theater-im-hayn.de\/index.php?rest_route=\/wp\/v2\/pages"}],"about":[{"href":"https:\/\/theater-im-hayn.de\/index.php?rest_route=\/wp\/v2\/types\/page"}],"author":[{"embeddable":true,"href":"https:\/\/theater-im-hayn.de\/index.php?rest_route=\/wp\/v2\/users\/1"}],"replies":[{"embeddable":true,"href":"https:\/\/theater-im-hayn.de\/index.php?rest_route=%2Fwp%2Fv2%2Fcomments&post=27"}],"version-history":[{"count":11,"href":"https:\/\/theater-im-hayn.de\/index.php?rest_route=\/wp\/v2\/pages\/27\/revisions"}],"predecessor-version":[{"id":633,"href":"https:\/\/theater-im-hayn.de\/index.php?rest_route=\/wp\/v2\/pages\/27\/revisions\/633"}],"wp:attachment":[{"href":"https:\/\/theater-im-hayn.de\/index.php?rest_route=%2Fwp%2Fv2%2Fmedia&parent=27"}],"curies":[{"name":"wp","href":"https:\/\/api.w.org\/{rel}","templated":true}]}}

<p>In über zehn Jahren haben an die 40 Personen auf der Bühne gestanden oder in anderen Funktionen an den Aufführungen des Theater im Hayn mitgewirkt. Im Folgenden finden Sie unser aktuelles Ensemble:</p>



<div class="wp-block-group"><div class="wp-block-group__inner-container is-layout-constrained wp-block-group-is-layout-constrained"></div></div>



<div class="wp-block-media-text alignwide is-stacked-on-mobile is-vertically-aligned-top" style="grid-template-columns:19% auto"><figure class="wp-block-media-text__media"><img loading="lazy" decoding="async" width="755" height="1016" src="https://theater-im-hayn.de/wp-content/uploads/2021/06/Portrait-Eva.jpg" alt="" class="wp-image-203 size-full" srcset="https://theater-im-hayn.de/wp-content/uploads/2021/06/Portrait-Eva.jpg 755w, https://theater-im-hayn.de/wp-content/uploads/2021/06/Portrait-Eva-223x300.jpg 223w" sizes="auto, (max-width: 706px) 89vw, (max-width: 767px) 82vw, 740px" /></figure><div class="wp-block-media-text__content">
<p class="has-large-font-size"><a href="https://theater-im-hayn.de/?page_id=81">Eva Witwer</a></p>
</div></div>



<div class="wp-block-media-text alignwide is-stacked-on-mobile is-vertically-aligned-top" style="grid-template-columns:19% auto"><figure class="wp-block-media-text__media"><img loading="lazy" decoding="async" width="591" height="762" src="https://theater-im-hayn.de/wp-content/uploads/2021/06/Portrait-Francesca.jpg" alt="" class="wp-image-204 size-full" srcset="https://theater-im-hayn.de/wp-content/uploads/2021/06/Portrait-Francesca.jpg 591w, https://theater-im-hayn.de/wp-content/uploads/2021/06/Portrait-Francesca-233x300.jpg 233w" sizes="auto, (max-width: 591px) 100vw, 591px" /></figure><div class="wp-block-media-text__content">
<p class="has-large-font-size"><a href="https://theater-im-hayn.de/?page_id=139">Francesca Eifler</a></p>
</div></div>



<div class="wp-block-media-text alignwide is-stacked-on-mobile is-vertically-aligned-top" style="grid-template-columns:19% auto"><figure class="wp-block-media-text__media"><img loading="lazy" decoding="async" width="768" height="1024" src="https://theater-im-hayn.de/wp-content/uploads/2021/06/gerhardvoltz-1-768x1024.jpg" alt="" class="wp-image-205 size-full" srcset="https://theater-im-hayn.de/wp-content/uploads/2021/06/gerhardvoltz-1-768x1024.jpg 768w, https://theater-im-hayn.de/wp-content/uploads/2021/06/gerhardvoltz-1-225x300.jpg 225w, https://theater-im-hayn.de/wp-content/uploads/2021/06/gerhardvoltz-1-1152x1536.jpg 1152w, https://theater-im-hayn.de/wp-content/uploads/2021/06/gerhardvoltz-1-1536x2048.jpg 1536w, https://theater-im-hayn.de/wp-content/uploads/2021/06/gerhardvoltz-1-scaled.jpg 1920w" sizes="auto, (max-width: 767px) 89vw, (max-width: 1000px) 54vw, (max-width: 1071px) 543px, 580px" /></figure><div class="wp-block-media-text__content">
<p class="has-large-font-size"><a href="https://theater-im-hayn.de/?page_id=172">Gerhard Voltz</a></p>
</div></div>



<div class="wp-block-media-text alignwide is-stacked-on-mobile is-vertically-aligned-top" style="grid-template-columns:19% auto"><figure class="wp-block-media-text__media"><img loading="lazy" decoding="async" width="710" height="1024" src="https://theater-im-hayn.de/wp-content/uploads/2021/06/Gerd-1-710x1024.jpg" alt="" class="wp-image-206 size-full" srcset="https://theater-im-hayn.de/wp-content/uploads/2021/06/Gerd-1-710x1024.jpg 710w, https://theater-im-hayn.de/wp-content/uploads/2021/06/Gerd-1-208x300.jpg 208w, https://theater-im-hayn.de/wp-content/uploads/2021/06/Gerd-1.jpg 734w" sizes="auto, (max-width: 710px) 100vw, 710px" /></figure><div class="wp-block-media-text__content">
<p class="has-large-font-size"><a href="https://theater-im-hayn.de/?page_id=159">Gerd Schaffert</a></p>
</div></div>



<div class="wp-block-media-text alignwide is-stacked-on-mobile is-vertically-aligned-top" style="grid-template-columns:19% auto"><figure class="wp-block-media-text__media"><img loading="lazy" decoding="async" width="527" height="734" src="https://theater-im-hayn.de/wp-content/uploads/2021/06/Portrait-Holger-1.jpg" alt="" class="wp-image-208 size-full" srcset="https://theater-im-hayn.de/wp-content/uploads/2021/06/Portrait-Holger-1.jpg 527w, https://theater-im-hayn.de/wp-content/uploads/2021/06/Portrait-Holger-1-215x300.jpg 215w" sizes="auto, (max-width: 527px) 100vw, 527px" /></figure><div class="wp-block-media-text__content">
<p class="has-large-font-size"><a href="https://theater-im-hayn.de/?page_id=182">Holger Schmidt</a></p>
</div></div>



<div class="wp-block-media-text alignwide is-stacked-on-mobile is-vertically-aligned-top" style="grid-template-columns:19% auto"><figure class="wp-block-media-text__media"><img loading="lazy" decoding="async" width="770" height="1003" src="http://theater-im-hayn.de/wp-content/uploads/2021/01/Portrait-Martin.jpg" alt="" class="wp-image-101 size-full" srcset="https://theater-im-hayn.de/wp-content/uploads/2021/01/Portrait-Martin.jpg 770w, https://theater-im-hayn.de/wp-content/uploads/2021/01/Portrait-Martin-230x300.jpg 230w, https://theater-im-hayn.de/wp-content/uploads/2021/01/Portrait-Martin-768x1000.jpg 768w" sizes="auto, (max-width: 767px) 89vw, (max-width: 1000px) 54vw, (max-width: 1071px) 543px, 580px" /></figure><div class="wp-block-media-text__content">
<p class="has-large-font-size"><a href="https://theater-im-hayn.de/?page_id=100" data-type="page" data-id="100">Martin Trübner</a></p>
</div></div>



<div class="wp-block-media-text alignwide is-stacked-on-mobile is-vertically-aligned-top" style="grid-template-columns:19% auto"><figure class="wp-block-media-text__media"><img loading="lazy" decoding="async" width="348" height="398" src="https://theater-im-hayn.de/wp-content/uploads/2021/06/Portrait-Max-2.jpg" alt="" class="wp-image-214 size-full" srcset="https://theater-im-hayn.de/wp-content/uploads/2021/06/Portrait-Max-2.jpg 348w, https://theater-im-hayn.de/wp-content/uploads/2021/06/Portrait-Max-2-262x300.jpg 262w" sizes="auto, (max-width: 348px) 100vw, 348px" /></figure><div class="wp-block-media-text__content">
<p class="has-large-font-size"><a href="https://theater-im-hayn.de/?page_id=134">Maximilian Nowak</a></p>
</div></div>



<div class="wp-block-media-text alignwide is-stacked-on-mobile is-vertically-aligned-top" style="grid-template-columns:19% auto"><figure class="wp-block-media-text__media"><img loading="lazy" decoding="async" width="930" height="999" src="https://theater-im-hayn.de/wp-content/uploads/2021/06/Portrait-Petra-K.jpg" alt="" class="wp-image-216 size-full" srcset="https://theater-im-hayn.de/wp-content/uploads/2021/06/Portrait-Petra-K.jpg 930w, https://theater-im-hayn.de/wp-content/uploads/2021/06/Portrait-Petra-K-279x300.jpg 279w, https://theater-im-hayn.de/wp-content/uploads/2021/06/Portrait-Petra-K-768x825.jpg 768w" sizes="auto, (max-width: 767px) 89vw, (max-width: 1000px) 54vw, (max-width: 1071px) 543px, 580px" /></figure><div class="wp-block-media-text__content">
<p class="has-large-font-size"><a href="https://theater-im-hayn.de/?page_id=114">Petra Kreiner</a></p>
</div></div>



<div class="wp-block-media-text is-stacked-on-mobile" style="grid-template-columns:19% auto"><figure class="wp-block-media-text__media"><img loading="lazy" decoding="async" width="825" height="1024" src="https://theater-im-hayn.de/wp-content/uploads/2026/03/5a0271dc-6801-4461-867a-e782c19b162d-3-825x1024.jpg" alt="" class="wp-image-631 size-full" srcset="https://theater-im-hayn.de/wp-content/uploads/2026/03/5a0271dc-6801-4461-867a-e782c19b162d-3-825x1024.jpg 825w, https://theater-im-hayn.de/wp-content/uploads/2026/03/5a0271dc-6801-4461-867a-e782c19b162d-3-242x300.jpg 242w, https://theater-im-hayn.de/wp-content/uploads/2026/03/5a0271dc-6801-4461-867a-e782c19b162d-3-768x954.jpg 768w, https://theater-im-hayn.de/wp-content/uploads/2026/03/5a0271dc-6801-4461-867a-e782c19b162d-3.jpg 1080w" sizes="auto, (max-width: 767px) 89vw, (max-width: 1000px) 54vw, (max-width: 1071px) 543px, 580px" /></figure><div class="wp-block-media-text__content">
<p class="has-large-font-size" style="line-height:1.5"><a href="https://theater-im-hayn.de/?page_id=617" data-type="page" data-id="617">Stella Lachmann</a></p>
</div></div>



<div class="wp-block-media-text alignwide is-stacked-on-mobile is-vertically-aligned-top" style="grid-template-columns:19% auto"><figure class="wp-block-media-text__media"><img loading="lazy" decoding="async" width="1024" height="962" src="https://theater-im-hayn.de/wp-content/uploads/2021/06/Portrait-Uschi-1024x962.jpg" alt="" class="wp-image-217 size-full" srcset="https://theater-im-hayn.de/wp-content/uploads/2021/06/Portrait-Uschi-1024x962.jpg 1024w, https://theater-im-hayn.de/wp-content/uploads/2021/06/Portrait-Uschi-300x282.jpg 300w, https://theater-im-hayn.de/wp-content/uploads/2021/06/Portrait-Uschi-768x721.jpg 768w, https://theater-im-hayn.de/wp-content/uploads/2021/06/Portrait-Uschi-1536x1442.jpg 1536w, https://theater-im-hayn.de/wp-content/uploads/2021/06/Portrait-Uschi.jpg 2000w" sizes="auto, (max-width: 767px) 89vw, (max-width: 1000px) 54vw, (max-width: 1071px) 543px, 580px" /></figure><div class="wp-block-media-text__content">
<p class="has-large-font-size"><a href="https://theater-im-hayn.de/?page_id=71">Ursula Seib</a></p>
</div></div>



<p></p>

<p>In über zehn Jahren haben an die 40 Personen auf der Bühne gestanden oder in anderen Funktionen an den Aufführungen des Theater im Hayn mitgewirkt. Im Folgenden finden Sie unser aktuelles Ensemble: Eva Witwer Francesca Eifler Gerhard Voltz Gerd Schaffert Holger Schmidt Martin Trübner Maximilian Nowak Petra Kreiner Stella Lachmann Ursula Seib</p>
