{"id":244,"date":"2021-06-20T16:32:43","date_gmt":"2021-06-20T14:32:43","guid":{"rendered":"http:\/\/theater-im-hayn.de\/?page_id=244"},"modified":"2025-02-23T13:48:09","modified_gmt":"2025-02-23T12:48:09","slug":"die-balkonszene","status":"publish","type":"page","link":"https:\/\/theater-im-hayn.de\/?page_id=244","title":{"rendered":"Die Balkonszene"},"content":{"rendered":"\n<p class=\"has-large-font-size\">Die Balkonszene<\/p>\n\n\n\n<p>6. Produktion, Spielzeit 2015<\/p>\n\n\n\n<p><em>Kom\u00f6die in zwei Akten von John Chapman und Anthony Marriott<\/em><\/p>\n\n\n\n<p><em>Regie und Bearbeitung: <a href=\"https:\/\/theater-im-hayn.de\/?page_id=71\">Ursula Seib<\/a><\/em><\/p>\n\n\n\n<p>Constance Beauchamps leitet ein exklusives und anerkanntes Heiratsvermittlungsinstitut in London. Per Computer und mit der entsprechenden Software, werden die Klienten vermittelt. Die Erfolgsquote ist \u00fcberdurchschnittlich hoch.<\/p>\n\n\n\n<p>Eines Tages bekommt Constance Besuch von Jeremy, ein &#8222;hoffnungsloser Fall&#8220;. Er ist ein einfacher Mann, f\u00fchlt sich nebenbei als &#8222;Dichter&#8220; berufen und sucht schon seit Jahren eine Frau. Nun erkl\u00e4rt er Constance seine Liebe, die v\u00f6llig perplex ist. Scheinbar hat Jeremy die Computerbriefe, die Constance normalerweise all jenen hoffnungslosen Klienten schreibt, in denen pers\u00f6nliche, tr\u00f6stende Worte enthalten sind, falsch verstanden. Doch Jeremy l\u00e4sst von Constance nicht ab und will sie zur Liebe zwingen.<\/p>\n\n\n\n<p>Als Constance erkennt, dass sie fast kein Mittel hat, um Jeremy von sich zu weisen, kommt sie mittels ihrer Sekret\u00e4rin, Diana, auf die Ausrede, sie sei bereits verheiratet. Und als der Earl of Harpenden erscheint, wird er prompt als ihr Ehemann erkl\u00e4rt.<\/p>\n\n\n\n<p>Jeremy benutzt nun den Balkon als Druckmittel f\u00fcr seine Liebe zu Constance.<\/p>\n\n\n\n<p>An diesem Tag tauchen noch mehr Klienten auf, die einen Partner suchen. Die Situation im B\u00fcro wird immer verworrener und dann erscheint auch noch Sergeant Hill und glaubt, in ein Liebesnest getreten zu sein.<\/p>\n\n\n\n<p>Man kann gespannt sein, wie sich die Lage entzerrt!<\/p>\n\n\n\n<p><strong>Mitwirkende<\/strong><\/p>\n\n\n\n<figure class=\"wp-block-table is-style-stripes\"><table><tbody><tr><td><em>Constance Beauchamps<\/em><\/td><td><a href=\"https:\/\/theater-im-hayn.de\/?page_id=114\">Petra Kreiner<\/a><\/td><\/tr><tr><td><em>Jeremy Grover<\/em><\/td><td><a href=\"https:\/\/theater-im-hayn.de\/?page_id=134\">Maximilian Nowak<\/a><\/td><\/tr><tr><td><em>Diana Pryce<\/em><\/td><td>Karin Lerche-Weinhold<\/td><\/tr><tr><td><em>Anna Maria Lopez<\/em><\/td><td><a href=\"https:\/\/theater-im-hayn.de\/?page_id=81\">Eva Witwer<\/a><\/td><\/tr><tr><td><em>Godfrey, Earl of Harpenden<\/em><\/td><td><a href=\"https:\/\/theater-im-hayn.de\/?page_id=100\">Martin Tr\u00fcbner<\/a><\/td><\/tr><tr><td><em>Sybil, Countess of Harpenden<\/em><\/td><td>Ute Cobb<\/td><\/tr><tr><td><em>Sergeant Hill<\/em><\/td><td>Bernd Schwebel<\/td><\/tr><tr><td><em>Kanonikus Fitch<\/em><\/td><td>Michael Kohlhaas<\/td><\/tr><tr><td><em>Mrs. Meadows<\/em><\/td><td><a href=\"https:\/\/theater-im-hayn.de\/?page_id=71\">Ursula Seib<\/a><\/td><\/tr><\/tbody><\/table><\/figure>\n\n\n\n<figure class=\"wp-block-table is-style-stripes\"><table><tbody><tr><td>Regie<\/td><td><a href=\"https:\/\/theater-im-hayn.de\/?page_id=71\">Ursula Seib<\/a><\/td><\/tr><tr><td>Souffleuse<\/td><td>Marion Sehring<\/td><\/tr><tr><td>Pressearbeit &amp; Homepage<\/td><td><a href=\"https:\/\/theater-im-hayn.de\/?page_id=71\">Ursula Seib<\/a><\/td><\/tr><tr><td>B\u00fchnenbild, Kost\u00fcme, Maske &amp; Requisiten<\/td><td>Michael Kohlhaas, <a href=\"https:\/\/theater-im-hayn.de\/?page_id=100\">Martin Tr\u00fcbner<\/a> &amp; Ensemble<\/td><\/tr><tr><td>Bildtechnik<\/td><td>Karl Fr\u00f6hlich<\/td><\/tr><tr><td>Ausstattung<\/td><td>Einrichtungshaus Dietrich<\/td><\/tr><tr><td>B\u00fchnentechnik<\/td><td>B\u00fcrgerhaus Sprendlingen<\/td><\/tr><\/tbody><\/table><\/figure>\n\n\n\n<p><strong>Termine:<\/strong><br>Freitag, 27. Februar 2015 um 19:30 Uhr<br>Samstag, 28. Februar 2015 um 19:30 Uhr<br>Sonntag, 01. M\u00e4rz 2015 um 18:00 Uhr<\/p>\n\n\n\n<p>Saal\u00f6ffnung 1\/2 Stunde vor Beginn der Vorstellung im Katholischen Pfarrzentrum St. Johannes in Dreieich-Dreieichenhain, Taunusstra\u00dfe 47<\/p>\n\n\n\n<p>Eintrittskarten im Vorverkauf bei Fu\u00dfpflege Ute Cobb, Alte Bogengasse 35, Dreieichenhain oder an der Abendkasse<br>Eintrittspreis: Vorverkauf und Abendkasse: 11 \u20ac Erwachsene \/ 8 \u20ac Sch\u00fcler, Studenten, Azubis (keine nummerierten Pl\u00e4tze)<\/p>\n","protected":false},"excerpt":{"rendered":"<p>Die Balkonszene 6. Produktion, Spielzeit 2015 Kom\u00f6die in zwei Akten von John Chapman und Anthony Marriott Regie und Bearbeitung: Ursula Seib Constance Beauchamps leitet ein exklusives und anerkanntes Heiratsvermittlungsinstitut in London. Per Computer und mit der entsprechenden Software, werden die Klienten vermittelt. Die Erfolgsquote ist \u00fcberdurchschnittlich hoch. Eines Tages bekommt Constance Besuch von Jeremy, ein &hellip; <\/p>\n<p class=\"link-more\"><a href=\"https:\/\/theater-im-hayn.de\/?page_id=244\" class=\"more-link\"><span class=\"screen-reader-text\">\u201eDie Balkonszene\u201c<\/span> weiterlesen<\/a><\/p>\n","protected":false},"author":1,"featured_media":0,"parent":0,"menu_order":0,"comment_status":"closed","ping_status":"closed","template":"","meta":{"footnotes":""},"class_list":["post-244","page","type-page","status-publish","hentry"],"_links":{"self":[{"href":"https:\/\/theater-im-hayn.de\/index.php?rest_route=\/wp\/v2\/pages\/244","targetHints":{"allow":["GET"]}}],"collection":[{"href":"https:\/\/theater-im-hayn.de\/index.php?rest_route=\/wp\/v2\/pages"}],"about":[{"href":"https:\/\/theater-im-hayn.de\/index.php?rest_route=\/wp\/v2\/types\/page"}],"author":[{"embeddable":true,"href":"https:\/\/theater-im-hayn.de\/index.php?rest_route=\/wp\/v2\/users\/1"}],"replies":[{"embeddable":true,"href":"https:\/\/theater-im-hayn.de\/index.php?rest_route=%2Fwp%2Fv2%2Fcomments&post=244"}],"version-history":[{"count":3,"href":"https:\/\/theater-im-hayn.de\/index.php?rest_route=\/wp\/v2\/pages\/244\/revisions"}],"predecessor-version":[{"id":540,"href":"https:\/\/theater-im-hayn.de\/index.php?rest_route=\/wp\/v2\/pages\/244\/revisions\/540"}],"wp:attachment":[{"href":"https:\/\/theater-im-hayn.de\/index.php?rest_route=%2Fwp%2Fv2%2Fmedia&parent=244"}],"curies":[{"name":"wp","href":"https:\/\/api.w.org\/{rel}","templated":true}]}}