{"id":241,"date":"2021-06-20T16:22:35","date_gmt":"2021-06-20T14:22:35","guid":{"rendered":"http:\/\/theater-im-hayn.de\/?page_id=241"},"modified":"2025-02-23T13:50:14","modified_gmt":"2025-02-23T12:50:14","slug":"keine-leiche-ohne-lily","status":"publish","type":"page","link":"https:\/\/theater-im-hayn.de\/?page_id=241","title":{"rendered":"Keine Leiche ohne Lily"},"content":{"rendered":"\n<p class=\"has-large-font-size\">Keine Leiche ohne Lily<\/p>\n\n\n\n<p>7. Produktion, Spielzeit 2016<\/p>\n\n\n\n<p><em>Kriminalkom\u00f6die in drei Akten von Jack Popplewell<br>Deutsche Bearbeitung von Christian W\u00f6lffer<\/em><\/p>\n\n\n\n<p><em>Regie: Bernd Schwebel<\/em><\/p>\n\n\n\n<p>Seit Jahrzehnten wird die bekannte und erfolgreiche Kriminalkom\u00f6die auf allen B\u00fchnen Deutschlands gezeigt. Auch wir haben uns in dieser Saison f\u00fcr dieses St\u00fcck entschieden und es f\u00fcr unsere Theatergruppe bearbeitet. Die Handlung wurde nach Frankfurt am Main verlegt und den Figuren haben wir deutsche Namen gegeben &#8211; es wird aber nicht in hessischer Mundart gespielt. Die Proben laufen seit September und wir sind mit Begeisterung dabei. Zum Inhalt: Im B\u00fcro von Richard M\u00fcller passiert Seltsames. Lily entdeckt beim Putzen eine Leiche und ruft die Polizei. Als diese bald darauf&nbsp;erscheint, ist die Leiche weg! Lily, k\u00e4mpft nun um ihren guten Ruf und beginnt mit ihren eigenen Ermittlungen und ger\u00e4t dabei immer mehr in Konflikt mit Kommissar Bl\u00e4ser, den sie&nbsp;aus Jugendtagen kennt. Der ringt mit der Frage: wieso konnte die Leiche verschwinden und warum, wer oder was steckt dahinter, was verheimlichen die Mitarbeiter? Und ist Lily \u00fcberhaupt glaubhaft!<\/p>\n\n\n\n<p><strong>Mitwirkende<\/strong><\/p>\n\n\n\n<figure class=\"wp-block-table is-style-stripes\"><table><tbody><tr><td><em>Lisbeth Pfeifer<\/em><\/td><td><a href=\"https:\/\/theater-im-hayn.de\/?page_id=71\">Ursula Seib<\/a><\/td><\/tr><tr><td><em>Polizist Georg Gottlieb<\/em><\/td><td><a href=\"https:\/\/theater-im-hayn.de\/?page_id=100\">Martin Tr\u00fcbner<\/a><\/td><\/tr><tr><td><em>Hauptkommissar Harald Bl\u00e4ser<\/em><\/td><td>Michael Kohlhaas<\/td><\/tr><tr><td><em>Klara M\u00fcller<\/em><\/td><td><a href=\"https:\/\/theater-im-hayn.de\/?page_id=114\">Petra Kreiner<\/a><\/td><\/tr><tr><td><em>Rosemarie Schl\u00fcpfer<\/em><\/td><td>Ute Cobb<\/td><\/tr><tr><td><em>Hubertus Westermann<\/em><\/td><td><a href=\"https:\/\/theater-im-hayn.de\/?page_id=134\">Maximilian Nowak<\/a><\/td><\/tr><tr><td><em>Viktoria von Reinholdshausen<\/em><\/td><td>Karin Lerche-Weinhold<\/td><\/tr><tr><td><em>Richard M\u00fcller<\/em><\/td><td><a href=\"https:\/\/theater-im-hayn.de\/?page_id=172\">Gerhard Voltz<\/a><\/td><\/tr><\/tbody><\/table><\/figure>\n\n\n\n<figure class=\"wp-block-table is-style-stripes\"><table><tbody><tr><td>Regie<\/td><td>Bernd Schwebel<\/td><\/tr><tr><td>Souffleuse<\/td><td><a href=\"https:\/\/theater-im-hayn.de\/?page_id=81\">Eva Witwer<\/a><\/td><\/tr><tr><td>Pressearbeit &amp; Homepage<\/td><td><a href=\"https:\/\/theater-im-hayn.de\/?page_id=71\">Ursula Seib<\/a><\/td><\/tr><tr><td>B\u00fchnenbild, Kost\u00fcme, Maske &amp; Requisiten<\/td><td>Michael Kohlhaas, <a href=\"https:\/\/theater-im-hayn.de\/?page_id=100\">Martin Tr\u00fcbner<\/a> &amp; Ensemble<\/td><\/tr><tr><td>Bildtechnik<\/td><td>Karl Fr\u00f6hlich<\/td><\/tr><tr><td>Ausstattung<\/td><td>Einrichtungshaus Dietrich<\/td><\/tr><tr><td>B\u00fchnentechnik<\/td><td>B\u00fcrgerhaus Sprendlingen<\/td><\/tr><\/tbody><\/table><\/figure>\n\n\n\n<p><strong>Termine:<\/strong><br>Freitag, 12. Februar 2016 um 19:30 Uhr<br>Samstag, 13. Februar 2016 um 19:30 Uhr<br>Sonntag, 14. Februar 2016 um 18:00 Uhr<\/p>\n\n\n\n<p>Saal\u00f6ffnung 1\/2 Stunde vor Beginn der Vorstellung im Katholischen Pfarrzentrum St. Johannes in Dreieich-Dreieichenhain, Taunusstra\u00dfe 47<\/p>\n\n\n\n<p>Eintrittskarten im Vorverkauf bei Fu\u00dfpflege Ute Cobb, Alte Bogengasse 35, Dreieichenhain oder an der Abendkasse<br>Eintrittspreis: Vorverkauf und Abendkasse: 11 \u20ac Erwachsene \/ 8 \u20ac Sch\u00fcler, Studenten, Azubis (keine nummerierten Pl\u00e4tze)<\/p>\n","protected":false},"excerpt":{"rendered":"<p>Keine Leiche ohne Lily 7. Produktion, Spielzeit 2016 Kriminalkom\u00f6die in drei Akten von Jack PopplewellDeutsche Bearbeitung von Christian W\u00f6lffer Regie: Bernd Schwebel Seit Jahrzehnten wird die bekannte und erfolgreiche Kriminalkom\u00f6die auf allen B\u00fchnen Deutschlands gezeigt. Auch wir haben uns in dieser Saison f\u00fcr dieses St\u00fcck entschieden und es f\u00fcr unsere Theatergruppe bearbeitet. Die Handlung wurde &hellip; <\/p>\n<p class=\"link-more\"><a href=\"https:\/\/theater-im-hayn.de\/?page_id=241\" class=\"more-link\"><span class=\"screen-reader-text\">\u201eKeine Leiche ohne Lily\u201c<\/span> weiterlesen<\/a><\/p>\n","protected":false},"author":1,"featured_media":0,"parent":0,"menu_order":0,"comment_status":"closed","ping_status":"closed","template":"","meta":{"footnotes":""},"class_list":["post-241","page","type-page","status-publish","hentry"],"_links":{"self":[{"href":"https:\/\/theater-im-hayn.de\/index.php?rest_route=\/wp\/v2\/pages\/241","targetHints":{"allow":["GET"]}}],"collection":[{"href":"https:\/\/theater-im-hayn.de\/index.php?rest_route=\/wp\/v2\/pages"}],"about":[{"href":"https:\/\/theater-im-hayn.de\/index.php?rest_route=\/wp\/v2\/types\/page"}],"author":[{"embeddable":true,"href":"https:\/\/theater-im-hayn.de\/index.php?rest_route=\/wp\/v2\/users\/1"}],"replies":[{"embeddable":true,"href":"https:\/\/theater-im-hayn.de\/index.php?rest_route=%2Fwp%2Fv2%2Fcomments&post=241"}],"version-history":[{"count":3,"href":"https:\/\/theater-im-hayn.de\/index.php?rest_route=\/wp\/v2\/pages\/241\/revisions"}],"predecessor-version":[{"id":543,"href":"https:\/\/theater-im-hayn.de\/index.php?rest_route=\/wp\/v2\/pages\/241\/revisions\/543"}],"wp:attachment":[{"href":"https:\/\/theater-im-hayn.de\/index.php?rest_route=%2Fwp%2Fv2%2Fmedia&parent=241"}],"curies":[{"name":"wp","href":"https:\/\/api.w.org\/{rel}","templated":true}]}}

<p class="has-large-font-size">Keine Leiche ohne Lily</p>



<p>7. Produktion, Spielzeit 2016</p>



<p><em>Kriminalkomödie in drei Akten von Jack Popplewell<br>Deutsche Bearbeitung von Christian Wölffer</em></p>



<p><em>Regie: Bernd Schwebel</em></p>



<p>Seit Jahrzehnten wird die bekannte und erfolgreiche Kriminalkomödie auf allen Bühnen Deutschlands gezeigt. Auch wir haben uns in dieser Saison für dieses Stück entschieden und es für unsere Theatergruppe bearbeitet. Die Handlung wurde nach Frankfurt am Main verlegt und den Figuren haben wir deutsche Namen gegeben &#8211; es wird aber nicht in hessischer Mundart gespielt. Die Proben laufen seit September und wir sind mit Begeisterung dabei. Zum Inhalt: Im Büro von Richard Müller passiert Seltsames. Lily entdeckt beim Putzen eine Leiche und ruft die Polizei. Als diese bald darauf&nbsp;erscheint, ist die Leiche weg! Lily, kämpft nun um ihren guten Ruf und beginnt mit ihren eigenen Ermittlungen und gerät dabei immer mehr in Konflikt mit Kommissar Bläser, den sie&nbsp;aus Jugendtagen kennt. Der ringt mit der Frage: wieso konnte die Leiche verschwinden und warum, wer oder was steckt dahinter, was verheimlichen die Mitarbeiter? Und ist Lily überhaupt glaubhaft!</p>



<p><strong>Mitwirkende</strong></p>



<figure class="wp-block-table is-style-stripes"><table><tbody><tr><td><em>Lisbeth Pfeifer</em></td><td><a href="https://theater-im-hayn.de/?page_id=71">Ursula Seib</a></td></tr><tr><td><em>Polizist Georg Gottlieb</em></td><td><a href="https://theater-im-hayn.de/?page_id=100">Martin Trübner</a></td></tr><tr><td><em>Hauptkommissar Harald Bläser</em></td><td>Michael Kohlhaas</td></tr><tr><td><em>Klara Müller</em></td><td><a href="https://theater-im-hayn.de/?page_id=114">Petra Kreiner</a></td></tr><tr><td><em>Rosemarie Schlüpfer</em></td><td>Ute Cobb</td></tr><tr><td><em>Hubertus Westermann</em></td><td><a href="https://theater-im-hayn.de/?page_id=134">Maximilian Nowak</a></td></tr><tr><td><em>Viktoria von Reinholdshausen</em></td><td>Karin Lerche-Weinhold</td></tr><tr><td><em>Richard Müller</em></td><td><a href="https://theater-im-hayn.de/?page_id=172">Gerhard Voltz</a></td></tr></tbody></table></figure>



<figure class="wp-block-table is-style-stripes"><table><tbody><tr><td>Regie</td><td>Bernd Schwebel</td></tr><tr><td>Souffleuse</td><td><a href="https://theater-im-hayn.de/?page_id=81">Eva Witwer</a></td></tr><tr><td>Pressearbeit &amp; Homepage</td><td><a href="https://theater-im-hayn.de/?page_id=71">Ursula Seib</a></td></tr><tr><td>Bühnenbild, Kostüme, Maske &amp; Requisiten</td><td>Michael Kohlhaas, <a href="https://theater-im-hayn.de/?page_id=100">Martin Trübner</a> &amp; Ensemble</td></tr><tr><td>Bildtechnik</td><td>Karl Fröhlich</td></tr><tr><td>Ausstattung</td><td>Einrichtungshaus Dietrich</td></tr><tr><td>Bühnentechnik</td><td>Bürgerhaus Sprendlingen</td></tr></tbody></table></figure>



<p><strong>Termine:</strong><br>Freitag, 12. Februar 2016 um 19:30 Uhr<br>Samstag, 13. Februar 2016 um 19:30 Uhr<br>Sonntag, 14. Februar 2016 um 18:00 Uhr</p>



<p>Saalöffnung 1/2 Stunde vor Beginn der Vorstellung im Katholischen Pfarrzentrum St. Johannes in Dreieich-Dreieichenhain, Taunusstraße 47</p>



<p>Eintrittskarten im Vorverkauf bei Fußpflege Ute Cobb, Alte Bogengasse 35, Dreieichenhain oder an der Abendkasse<br>Eintrittspreis: Vorverkauf und Abendkasse: 11 € Erwachsene / 8 € Schüler, Studenten, Azubis (keine nummerierten Plätze)</p>

<p>Keine Leiche ohne Lily 7. Produktion, Spielzeit 2016 Kriminalkomödie in drei Akten von Jack PopplewellDeutsche Bearbeitung von Christian Wölffer Regie: Bernd Schwebel Seit Jahrzehnten wird die bekannte und erfolgreiche Kriminalkomödie auf allen Bühnen Deutschlands gezeigt. Auch wir haben uns in dieser Saison für dieses Stück entschieden und es für unsere Theatergruppe bearbeitet. Die Handlung wurde &hellip; </p>
<p class="link-more"><a href="https://theater-im-hayn.de/?page_id=241" class="more-link"><span class="screen-reader-text">„Keine Leiche ohne Lily“</span> weiterlesen</a></p>
