{"id":159,"date":"2021-06-20T12:20:59","date_gmt":"2021-06-20T10:20:59","guid":{"rendered":"http:\/\/theater-im-hayn.de\/?page_id=159"},"modified":"2025-02-23T14:26:49","modified_gmt":"2025-02-23T13:26:49","slug":"gerd-schaffert","status":"publish","type":"page","link":"https:\/\/theater-im-hayn.de\/?page_id=159","title":{"rendered":"Gerd Schaffert"},"content":{"rendered":"\n<div class=\"wp-block-group\"><div class=\"wp-block-group__inner-container is-layout-flow wp-block-group-is-layout-flow\">\n<div class=\"wp-block-group\"><div class=\"wp-block-group__inner-container is-layout-flow wp-block-group-is-layout-flow\"><div class=\"wp-block-image\">\n<figure class=\"alignright size-large is-resized\"><img loading=\"lazy\" decoding=\"async\" width=\"710\" height=\"1024\" src=\"https:\/\/theater-im-hayn.de\/wp-content\/uploads\/2021\/06\/Gerd-710x1024.jpg\" alt=\"\" class=\"wp-image-160\" style=\"width:188px;height:271px\" srcset=\"https:\/\/theater-im-hayn.de\/wp-content\/uploads\/2021\/06\/Gerd-710x1024.jpg 710w, https:\/\/theater-im-hayn.de\/wp-content\/uploads\/2021\/06\/Gerd-208x300.jpg 208w, https:\/\/theater-im-hayn.de\/wp-content\/uploads\/2021\/06\/Gerd.jpg 734w\" sizes=\"auto, (max-width: 710px) 100vw, 710px\" \/><\/figure><\/div><\/div><\/div>\n<\/div><\/div>\n\n\n\n<p>Gerd Schaffert&nbsp; sammelte erste B\u00fchnenerfahrung in Karnevalsauftritten Anfang der Neunziger. Von 1994 an war er zehn Jahre im Theaterensemble Dietzenbach in verschiedenen Kinder- und Erwachsenenst\u00fccken zu sehen. Seit Anfang 2000 war er parallel im Generationentheater Quatro Stagioni Neu-Isenburg aktiv. Dazu wirkte er in den letzten Jahren in verschiedenen Gruppen, teils als Darsteller, Regisseur oder auch als Veranstalter mit. Seit 2018 spielt er regelm\u00e4\u00dfig in den St\u00fccken des Theater im Hayn mit.<\/p>\n\n\n\n<div class=\"wp-block-group\"><div class=\"wp-block-group__inner-container is-layout-flow wp-block-group-is-layout-flow\">\n<figure class=\"wp-block-table is-style-stripes\"><table><tbody><tr><td><strong>Jahr<\/strong><\/td><td><strong>St\u00fcck<\/strong><\/td><td><strong>Rolle \/ Aufgabe<\/strong><\/td><\/tr><tr><td>2025<\/td><td><a href=\"https:\/\/theater-im-hayn.de\/?page_id=507\" data-type=\"page\" data-id=\"507\">Zum Henker mit den Henks<\/a><\/td><td>Vernon Previtt<\/td><\/tr><tr><td>2024<\/td><td><a href=\"https:\/\/theater-im-hayn.de\/?page_id=441\" data-type=\"page\" data-id=\"441\">Wer ist schon gern der Trottel?<\/a><\/td><td>Warren, ein Schauspieler<\/td><\/tr><tr><td>2023<\/td><td><a href=\"https:\/\/theater-im-hayn.de\/?page_id=311\" data-type=\"page\" data-id=\"311\">Eine etwas sonderbare Dame<\/a><\/td><td>Dr. Emmett<\/td><\/tr><tr><td>2022<\/td><td><a href=\"https:\/\/theater-im-hayn.de\/?page_id=259\" data-type=\"page\" data-id=\"259\">Es f\u00e4hrt kein Zug nach Irgendwo<\/a><\/td><td>Sprecher, Bahnhofsdurchsage<\/td><\/tr><tr><td>2020<\/td><td><a href=\"https:\/\/theater-im-hayn.de\/?page_id=222\" data-type=\"page\" data-id=\"222\">Bubblegum und Brillanten<\/a><\/td><td>Sir George, Earl of Eastermoor<\/td><\/tr><tr><td>2019<\/td><td><a href=\"https:\/\/theater-im-hayn.de\/?page_id=234\" data-type=\"page\" data-id=\"234\">Ein gem\u00fctliches Wochenende<\/a><\/td><td>Max, ein Bankr\u00e4uber<\/td><\/tr><\/tbody><\/table><\/figure>\n<\/div><\/div>\n","protected":false},"excerpt":{"rendered":"<p>Gerd Schaffert&nbsp; sammelte erste B\u00fchnenerfahrung in Karnevalsauftritten Anfang der Neunziger. Von 1994 an war er zehn Jahre im Theaterensemble Dietzenbach in verschiedenen Kinder- und Erwachsenenst\u00fccken zu sehen. Seit Anfang 2000 war er parallel im Generationentheater Quatro Stagioni Neu-Isenburg aktiv. Dazu wirkte er in den letzten Jahren in verschiedenen Gruppen, teils als Darsteller, Regisseur oder auch &hellip; <\/p>\n<p class=\"link-more\"><a href=\"https:\/\/theater-im-hayn.de\/?page_id=159\" class=\"more-link\"><span class=\"screen-reader-text\">\u201eGerd Schaffert\u201c<\/span> weiterlesen<\/a><\/p>\n","protected":false},"author":1,"featured_media":0,"parent":0,"menu_order":0,"comment_status":"closed","ping_status":"closed","template":"","meta":{"footnotes":""},"class_list":["post-159","page","type-page","status-publish","hentry"],"_links":{"self":[{"href":"https:\/\/theater-im-hayn.de\/index.php?rest_route=\/wp\/v2\/pages\/159","targetHints":{"allow":["GET"]}}],"collection":[{"href":"https:\/\/theater-im-hayn.de\/index.php?rest_route=\/wp\/v2\/pages"}],"about":[{"href":"https:\/\/theater-im-hayn.de\/index.php?rest_route=\/wp\/v2\/types\/page"}],"author":[{"embeddable":true,"href":"https:\/\/theater-im-hayn.de\/index.php?rest_route=\/wp\/v2\/users\/1"}],"replies":[{"embeddable":true,"href":"https:\/\/theater-im-hayn.de\/index.php?rest_route=%2Fwp%2Fv2%2Fcomments&post=159"}],"version-history":[{"count":6,"href":"https:\/\/theater-im-hayn.de\/index.php?rest_route=\/wp\/v2\/pages\/159\/revisions"}],"predecessor-version":[{"id":548,"href":"https:\/\/theater-im-hayn.de\/index.php?rest_route=\/wp\/v2\/pages\/159\/revisions\/548"}],"wp:attachment":[{"href":"https:\/\/theater-im-hayn.de\/index.php?rest_route=%2Fwp%2Fv2%2Fmedia&parent=159"}],"curies":[{"name":"wp","href":"https:\/\/api.w.org\/{rel}","templated":true}]}}

<div class="wp-block-group"><div class="wp-block-group__inner-container is-layout-flow wp-block-group-is-layout-flow">
<div class="wp-block-group"><div class="wp-block-group__inner-container is-layout-flow wp-block-group-is-layout-flow"><div class="wp-block-image">
<figure class="alignright size-large is-resized"><img loading="lazy" decoding="async" width="710" height="1024" src="https://theater-im-hayn.de/wp-content/uploads/2021/06/Gerd-710x1024.jpg" alt="" class="wp-image-160" style="width:188px;height:271px" srcset="https://theater-im-hayn.de/wp-content/uploads/2021/06/Gerd-710x1024.jpg 710w, https://theater-im-hayn.de/wp-content/uploads/2021/06/Gerd-208x300.jpg 208w, https://theater-im-hayn.de/wp-content/uploads/2021/06/Gerd.jpg 734w" sizes="auto, (max-width: 710px) 100vw, 710px" /></figure></div></div></div>
</div></div>



<p>Gerd Schaffert&nbsp; sammelte erste Bühnenerfahrung in Karnevalsauftritten Anfang der Neunziger. Von 1994 an war er zehn Jahre im Theaterensemble Dietzenbach in verschiedenen Kinder- und Erwachsenenstücken zu sehen. Seit Anfang 2000 war er parallel im Generationentheater Quatro Stagioni Neu-Isenburg aktiv. Dazu wirkte er in den letzten Jahren in verschiedenen Gruppen, teils als Darsteller, Regisseur oder auch als Veranstalter mit. Seit 2018 spielt er regelmäßig in den Stücken des Theater im Hayn mit.</p>



<div class="wp-block-group"><div class="wp-block-group__inner-container is-layout-flow wp-block-group-is-layout-flow">
<figure class="wp-block-table is-style-stripes"><table><tbody><tr><td><strong>Jahr</strong></td><td><strong>Stück</strong></td><td><strong>Rolle / Aufgabe</strong></td></tr><tr><td>2025</td><td><a href="https://theater-im-hayn.de/?page_id=507" data-type="page" data-id="507">Zum Henker mit den Henks</a></td><td>Vernon Previtt</td></tr><tr><td>2024</td><td><a href="https://theater-im-hayn.de/?page_id=441" data-type="page" data-id="441">Wer ist schon gern der Trottel?</a></td><td>Warren, ein Schauspieler</td></tr><tr><td>2023</td><td><a href="https://theater-im-hayn.de/?page_id=311" data-type="page" data-id="311">Eine etwas sonderbare Dame</a></td><td>Dr. Emmett</td></tr><tr><td>2022</td><td><a href="https://theater-im-hayn.de/?page_id=259" data-type="page" data-id="259">Es fährt kein Zug nach Irgendwo</a></td><td>Sprecher, Bahnhofsdurchsage</td></tr><tr><td>2020</td><td><a href="https://theater-im-hayn.de/?page_id=222" data-type="page" data-id="222">Bubblegum und Brillanten</a></td><td>Sir George, Earl of Eastermoor</td></tr><tr><td>2019</td><td><a href="https://theater-im-hayn.de/?page_id=234" data-type="page" data-id="234">Ein gemütliches Wochenende</a></td><td>Max, ein Bankräuber</td></tr></tbody></table></figure>
</div></div>

<p>Gerd Schaffert&nbsp; sammelte erste Bühnenerfahrung in Karnevalsauftritten Anfang der Neunziger. Von 1994 an war er zehn Jahre im Theaterensemble Dietzenbach in verschiedenen Kinder- und Erwachsenenstücken zu sehen. Seit Anfang 2000 war er parallel im Generationentheater Quatro Stagioni Neu-Isenburg aktiv. Dazu wirkte er in den letzten Jahren in verschiedenen Gruppen, teils als Darsteller, Regisseur oder auch &hellip; </p>
<p class="link-more"><a href="https://theater-im-hayn.de/?page_id=159" class="more-link"><span class="screen-reader-text">„Gerd Schaffert“</span> weiterlesen</a></p>
