{"id":139,"date":"2021-01-18T20:54:42","date_gmt":"2021-01-18T19:54:42","guid":{"rendered":"http:\/\/theater-im-hayn.de\/?page_id=139"},"modified":"2026-02-17T18:22:30","modified_gmt":"2026-02-17T17:22:30","slug":"francesca-eifler","status":"publish","type":"page","link":"https:\/\/theater-im-hayn.de\/?page_id=139","title":{"rendered":"Francesca Eifler"},"content":{"rendered":"\n<div class=\"wp-block-group\"><div class=\"wp-block-group__inner-container is-layout-flow wp-block-group-is-layout-flow\">\n<div class=\"wp-block-group\"><div class=\"wp-block-group__inner-container is-layout-flow wp-block-group-is-layout-flow\"><div class=\"wp-block-image\">\n<figure class=\"alignright size-large is-resized\"><img loading=\"lazy\" decoding=\"async\" width=\"591\" height=\"762\" src=\"https:\/\/theater-im-hayn.de\/wp-content\/uploads\/2021\/01\/Portrait-Francesca.jpg\" alt=\"\" class=\"wp-image-140\" style=\"width:271px;height:349px\" srcset=\"https:\/\/theater-im-hayn.de\/wp-content\/uploads\/2021\/01\/Portrait-Francesca.jpg 591w, https:\/\/theater-im-hayn.de\/wp-content\/uploads\/2021\/01\/Portrait-Francesca-233x300.jpg 233w\" sizes=\"auto, (max-width: 591px) 100vw, 591px\" \/><\/figure><\/div><\/div><\/div>\n<\/div><\/div>\n\n\n\n<p>Francesca Eifler feierte ihr B\u00fchnendeb\u00fct im Sommer 2014 als Mitglied des Burgtheater des Geschichts- und Heimatverein Dreieichenhain. Seitdem geh\u00f6rt sie auf der Freilichtb\u00fchne zum Stammensemble. 2017 schloss sie sich au\u00dferdem dem Theater im Hayn an und konnte seitdem in verschiedenen Rollen \u00fcberzeugen. 2023 steht sie in der Titelrolle als &#8222;Eine etwas sonderbare Dame&#8220; auf der B\u00fchne. Zudem spielte Francesca auch schon beim Theater Total in Rodgau.<br><\/p>\n\n\n\n<figure class=\"wp-block-table is-style-stripes\"><table><tbody><tr><td><strong>Jahr<\/strong><\/td><td><strong>St\u00fcck<\/strong><\/td><td><strong>Rolle \/ Aufgabe<\/strong><\/td><\/tr><tr><td>2026<\/td><td><a href=\"https:\/\/theater-im-hayn.de\/?page_id=585\" data-type=\"page\" data-id=\"585\">L\u00fcgen \u00fcber L\u00fcgen<\/a><\/td><td>Flyerdesign<\/td><\/tr><tr><td>2025<\/td><td><a href=\"https:\/\/theater-im-hayn.de\/?page_id=507\" data-type=\"page\" data-id=\"507\">Zum Henker mit den Henks<\/a><\/td><td>Zoe Mapleton<\/td><\/tr><tr><td>2024<\/td><td><a href=\"https:\/\/theater-im-hayn.de\/?page_id=441\" data-type=\"page\" data-id=\"441\">Wer ist schon gern der Trottel?<\/a><\/td><td>Olive, Zimmerservice &amp; Flyerdesign<\/td><\/tr><tr><td>2023<\/td><td><a href=\"https:\/\/theater-im-hayn.de\/?page_id=311\" data-type=\"page\" data-id=\"311\">Eine etwas sonderbare Dame<\/a><\/td><td>Mrs. Ethel Savage &amp; Flyerdesign<\/td><\/tr><tr><td>2022<\/td><td><a href=\"https:\/\/theater-im-hayn.de\/?page_id=259\" data-type=\"page\" data-id=\"259\">Es f\u00e4hrt kein Zug nach Irgendwo<\/a><\/td><td>Victoria, die Businessfrau<\/td><\/tr><tr><td>2020<\/td><td><a href=\"https:\/\/theater-im-hayn.de\/?page_id=222\" data-type=\"page\" data-id=\"222\">Bubblegum und Brillanten<\/a><\/td><td>Miss Pringle &amp; Inspektor Cathrin Jameson<\/td><\/tr><tr><td>2019<\/td><td><a href=\"https:\/\/theater-im-hayn.de\/?page_id=234\" data-type=\"page\" data-id=\"234\">Ein gem\u00fctliches Wochenende<\/a><\/td><td>Nadja Villinger<\/td><\/tr><tr><td>2018<\/td><td><a href=\"https:\/\/theater-im-hayn.de\/?page_id=237\" data-type=\"page\" data-id=\"237\">Neurosige Zeiten<\/a><\/td><td>Dr. Dr. Schanz, Psychiaterin<\/td><\/tr><tr><td>2017<\/td><td><a href=\"https:\/\/theater-im-hayn.de\/?page_id=239\" data-type=\"page\" data-id=\"239\">Party im Strandkorb<\/a><\/td><td>Nora Sch\u00e4fer<\/td><\/tr><\/tbody><\/table><\/figure>\n","protected":false},"excerpt":{"rendered":"<p>Francesca Eifler feierte ihr B\u00fchnendeb\u00fct im Sommer 2014 als Mitglied des Burgtheater des Geschichts- und Heimatverein Dreieichenhain. Seitdem geh\u00f6rt sie auf der Freilichtb\u00fchne zum Stammensemble. 2017 schloss sie sich au\u00dferdem dem Theater im Hayn an und konnte seitdem in verschiedenen Rollen \u00fcberzeugen. 2023 steht sie in der Titelrolle als &#8222;Eine etwas sonderbare Dame&#8220; auf der &hellip; <\/p>\n<p class=\"link-more\"><a href=\"https:\/\/theater-im-hayn.de\/?page_id=139\" class=\"more-link\"><span class=\"screen-reader-text\">\u201eFrancesca Eifler\u201c<\/span> weiterlesen<\/a><\/p>\n","protected":false},"author":1,"featured_media":0,"parent":0,"menu_order":0,"comment_status":"closed","ping_status":"closed","template":"","meta":{"footnotes":""},"class_list":["post-139","page","type-page","status-publish","hentry"],"_links":{"self":[{"href":"https:\/\/theater-im-hayn.de\/index.php?rest_route=\/wp\/v2\/pages\/139","targetHints":{"allow":["GET"]}}],"collection":[{"href":"https:\/\/theater-im-hayn.de\/index.php?rest_route=\/wp\/v2\/pages"}],"about":[{"href":"https:\/\/theater-im-hayn.de\/index.php?rest_route=\/wp\/v2\/types\/page"}],"author":[{"embeddable":true,"href":"https:\/\/theater-im-hayn.de\/index.php?rest_route=\/wp\/v2\/users\/1"}],"replies":[{"embeddable":true,"href":"https:\/\/theater-im-hayn.de\/index.php?rest_route=%2Fwp%2Fv2%2Fcomments&post=139"}],"version-history":[{"count":13,"href":"https:\/\/theater-im-hayn.de\/index.php?rest_route=\/wp\/v2\/pages\/139\/revisions"}],"predecessor-version":[{"id":614,"href":"https:\/\/theater-im-hayn.de\/index.php?rest_route=\/wp\/v2\/pages\/139\/revisions\/614"}],"wp:attachment":[{"href":"https:\/\/theater-im-hayn.de\/index.php?rest_route=%2Fwp%2Fv2%2Fmedia&parent=139"}],"curies":[{"name":"wp","href":"https:\/\/api.w.org\/{rel}","templated":true}]}}

<div class="wp-block-group"><div class="wp-block-group__inner-container is-layout-flow wp-block-group-is-layout-flow">
<div class="wp-block-group"><div class="wp-block-group__inner-container is-layout-flow wp-block-group-is-layout-flow"><div class="wp-block-image">
<figure class="alignright size-large is-resized"><img loading="lazy" decoding="async" width="591" height="762" src="https://theater-im-hayn.de/wp-content/uploads/2021/01/Portrait-Francesca.jpg" alt="" class="wp-image-140" style="width:271px;height:349px" srcset="https://theater-im-hayn.de/wp-content/uploads/2021/01/Portrait-Francesca.jpg 591w, https://theater-im-hayn.de/wp-content/uploads/2021/01/Portrait-Francesca-233x300.jpg 233w" sizes="auto, (max-width: 591px) 100vw, 591px" /></figure></div></div></div>
</div></div>



<p>Francesca Eifler feierte ihr Bühnendebüt im Sommer 2014 als Mitglied des Burgtheater des Geschichts- und Heimatverein Dreieichenhain. Seitdem gehört sie auf der Freilichtbühne zum Stammensemble. 2017 schloss sie sich außerdem dem Theater im Hayn an und konnte seitdem in verschiedenen Rollen überzeugen. 2023 steht sie in der Titelrolle als &#8222;Eine etwas sonderbare Dame&#8220; auf der Bühne. Zudem spielte Francesca auch schon beim Theater Total in Rodgau.<br></p>



<figure class="wp-block-table is-style-stripes"><table><tbody><tr><td><strong>Jahr</strong></td><td><strong>Stück</strong></td><td><strong>Rolle / Aufgabe</strong></td></tr><tr><td>2026</td><td><a href="https://theater-im-hayn.de/?page_id=585" data-type="page" data-id="585">Lügen über Lügen</a></td><td>Flyerdesign</td></tr><tr><td>2025</td><td><a href="https://theater-im-hayn.de/?page_id=507" data-type="page" data-id="507">Zum Henker mit den Henks</a></td><td>Zoe Mapleton</td></tr><tr><td>2024</td><td><a href="https://theater-im-hayn.de/?page_id=441" data-type="page" data-id="441">Wer ist schon gern der Trottel?</a></td><td>Olive, Zimmerservice &amp; Flyerdesign</td></tr><tr><td>2023</td><td><a href="https://theater-im-hayn.de/?page_id=311" data-type="page" data-id="311">Eine etwas sonderbare Dame</a></td><td>Mrs. Ethel Savage &amp; Flyerdesign</td></tr><tr><td>2022</td><td><a href="https://theater-im-hayn.de/?page_id=259" data-type="page" data-id="259">Es fährt kein Zug nach Irgendwo</a></td><td>Victoria, die Businessfrau</td></tr><tr><td>2020</td><td><a href="https://theater-im-hayn.de/?page_id=222" data-type="page" data-id="222">Bubblegum und Brillanten</a></td><td>Miss Pringle &amp; Inspektor Cathrin Jameson</td></tr><tr><td>2019</td><td><a href="https://theater-im-hayn.de/?page_id=234" data-type="page" data-id="234">Ein gemütliches Wochenende</a></td><td>Nadja Villinger</td></tr><tr><td>2018</td><td><a href="https://theater-im-hayn.de/?page_id=237" data-type="page" data-id="237">Neurosige Zeiten</a></td><td>Dr. Dr. Schanz, Psychiaterin</td></tr><tr><td>2017</td><td><a href="https://theater-im-hayn.de/?page_id=239" data-type="page" data-id="239">Party im Strandkorb</a></td><td>Nora Schäfer</td></tr></tbody></table></figure>

<p>Francesca Eifler feierte ihr Bühnendebüt im Sommer 2014 als Mitglied des Burgtheater des Geschichts- und Heimatverein Dreieichenhain. Seitdem gehört sie auf der Freilichtbühne zum Stammensemble. 2017 schloss sie sich außerdem dem Theater im Hayn an und konnte seitdem in verschiedenen Rollen überzeugen. 2023 steht sie in der Titelrolle als &#8222;Eine etwas sonderbare Dame&#8220; auf der &hellip; </p>
<p class="link-more"><a href="https://theater-im-hayn.de/?page_id=139" class="more-link"><span class="screen-reader-text">„Francesca Eifler“</span> weiterlesen</a></p>
