{"id":134,"date":"2021-01-16T20:59:42","date_gmt":"2021-01-16T19:59:42","guid":{"rendered":"http:\/\/theater-im-hayn.de\/?page_id=134"},"modified":"2025-02-23T14:28:58","modified_gmt":"2025-02-23T13:28:58","slug":"maximilian-nowak","status":"publish","type":"page","link":"https:\/\/theater-im-hayn.de\/?page_id=134","title":{"rendered":"Maximilian Nowak"},"content":{"rendered":"\n<div class=\"wp-block-group\"><div class=\"wp-block-group__inner-container is-layout-flow wp-block-group-is-layout-flow\"><div class=\"wp-block-image\">\n<figure class=\"alignright size-large is-resized\"><img loading=\"lazy\" decoding=\"async\" width=\"400\" height=\"400\" src=\"https:\/\/theater-im-hayn.de\/wp-content\/uploads\/2021\/01\/Portrait-Max.jpg\" alt=\"\" class=\"wp-image-135\" style=\"width:281px;height:281px\" srcset=\"https:\/\/theater-im-hayn.de\/wp-content\/uploads\/2021\/01\/Portrait-Max.jpg 400w, https:\/\/theater-im-hayn.de\/wp-content\/uploads\/2021\/01\/Portrait-Max-300x300.jpg 300w, https:\/\/theater-im-hayn.de\/wp-content\/uploads\/2021\/01\/Portrait-Max-150x150.jpg 150w, https:\/\/theater-im-hayn.de\/wp-content\/uploads\/2021\/01\/Portrait-Max-100x100.jpg 100w\" sizes=\"auto, (max-width: 400px) 100vw, 400px\" \/><\/figure><\/div><\/div><\/div>\n\n\n\n<p>Maximilian Nowak begann schon in der Grundschule mit der Schauspielerei. Mit zehn Jahren spielte er bei &#8222;Die Owwed\u00e4ler&#8220; in Dreieich-Offenthal und schloss sich 2002 dem M\u00e4rchentheater des Geschichts- und Heimatverein Dreieichenhain an. 2009 wechselte er innerhalb des GHV zum Burgtheater und stand im Fr\u00fchjahr 2015 erstmals f\u00fcr das Theater im Hayn auf der B\u00fchne. Neben seinem regelm\u00e4\u00dfigen Engagement f\u00fcr das Burgtheater und das Theater im Hayn, spielte er zuletzt auch f\u00fcr das Kunstforum Seligenstadt und Theater Total in Rodgau.<\/p>\n\n\n\n<figure class=\"wp-block-table is-style-stripes\"><table><tbody><tr><td><strong>Jahr<\/strong><\/td><td><strong>St\u00fcck<\/strong><\/td><td><strong>Rolle \/ Aufgabe<\/strong><\/td><\/tr><tr><td>2025<\/td><td><a href=\"https:\/\/theater-im-hayn.de\/?page_id=507\" data-type=\"page\" data-id=\"507\">Zum Henker mit den Henks<\/a><\/td><td>Larry Lewiss<\/td><\/tr><tr><td>2024<\/td><td><a href=\"https:\/\/theater-im-hayn.de\/?page_id=441\" data-type=\"page\" data-id=\"441\">Wer ist schon gern der Trottel?<\/a><\/td><td>Reg, ein Manager<\/td><\/tr><tr><td>2023<\/td><td><a href=\"https:\/\/theater-im-hayn.de\/?page_id=311\" data-type=\"page\" data-id=\"311\">Eine etwas sonderbare Dame<\/a><\/td><td>Titus Savage<\/td><\/tr><tr><td>2022<\/td><td><a href=\"https:\/\/theater-im-hayn.de\/?page_id=259\" data-type=\"page\" data-id=\"259\">Es f\u00e4hrt kein Zug nach Irgendwo<\/a><\/td><td>Reinhold, der Penner<\/td><\/tr><tr><td>2019<\/td><td><a href=\"https:\/\/theater-im-hayn.de\/?page_id=234\" data-type=\"page\" data-id=\"234\">Ein gem\u00fctliches Wochenende<\/a><\/td><td>Raimund Villinger<\/td><\/tr><tr><td>2018<\/td><td><a href=\"https:\/\/theater-im-hayn.de\/?page_id=237\" data-type=\"page\" data-id=\"237\">Neurosige Zeiten<\/a><\/td><td>Hans<\/td><\/tr><tr><td>2017<\/td><td><a href=\"https:\/\/theater-im-hayn.de\/?page_id=239\" data-type=\"page\" data-id=\"239\">Party im Strandkorb<\/a><\/td><td>Dieter Schomaker<\/td><\/tr><tr><td>2016<\/td><td><a href=\"https:\/\/theater-im-hayn.de\/?page_id=241\" data-type=\"page\" data-id=\"241\">Keine Leiche ohne Lily<\/a><\/td><td>Hubertus Westermann<\/td><\/tr><tr><td>2015<\/td><td><a href=\"https:\/\/theater-im-hayn.de\/?page_id=244\" data-type=\"page\" data-id=\"244\">Die Balkonszene<\/a><\/td><td>Jeremy Grover<\/td><\/tr><\/tbody><\/table><\/figure>\n","protected":false},"excerpt":{"rendered":"<p>Maximilian Nowak begann schon in der Grundschule mit der Schauspielerei. Mit zehn Jahren spielte er bei &#8222;Die Owwed\u00e4ler&#8220; in Dreieich-Offenthal und schloss sich 2002 dem M\u00e4rchentheater des Geschichts- und Heimatverein Dreieichenhain an. 2009 wechselte er innerhalb des GHV zum Burgtheater und stand im Fr\u00fchjahr 2015 erstmals f\u00fcr das Theater im Hayn auf der B\u00fchne. Neben &hellip; <\/p>\n<p class=\"link-more\"><a href=\"https:\/\/theater-im-hayn.de\/?page_id=134\" class=\"more-link\"><span class=\"screen-reader-text\">\u201eMaximilian Nowak\u201c<\/span> weiterlesen<\/a><\/p>\n","protected":false},"author":1,"featured_media":0,"parent":0,"menu_order":0,"comment_status":"closed","ping_status":"closed","template":"","meta":{"footnotes":""},"class_list":["post-134","page","type-page","status-publish","hentry"],"_links":{"self":[{"href":"https:\/\/theater-im-hayn.de\/index.php?rest_route=\/wp\/v2\/pages\/134","targetHints":{"allow":["GET"]}}],"collection":[{"href":"https:\/\/theater-im-hayn.de\/index.php?rest_route=\/wp\/v2\/pages"}],"about":[{"href":"https:\/\/theater-im-hayn.de\/index.php?rest_route=\/wp\/v2\/types\/page"}],"author":[{"embeddable":true,"href":"https:\/\/theater-im-hayn.de\/index.php?rest_route=\/wp\/v2\/users\/1"}],"replies":[{"embeddable":true,"href":"https:\/\/theater-im-hayn.de\/index.php?rest_route=%2Fwp%2Fv2%2Fcomments&post=134"}],"version-history":[{"count":8,"href":"https:\/\/theater-im-hayn.de\/index.php?rest_route=\/wp\/v2\/pages\/134\/revisions"}],"predecessor-version":[{"id":551,"href":"https:\/\/theater-im-hayn.de\/index.php?rest_route=\/wp\/v2\/pages\/134\/revisions\/551"}],"wp:attachment":[{"href":"https:\/\/theater-im-hayn.de\/index.php?rest_route=%2Fwp%2Fv2%2Fmedia&parent=134"}],"curies":[{"name":"wp","href":"https:\/\/api.w.org\/{rel}","templated":true}]}}

<div class="wp-block-group"><div class="wp-block-group__inner-container is-layout-flow wp-block-group-is-layout-flow"><div class="wp-block-image">
<figure class="alignright size-large is-resized"><img loading="lazy" decoding="async" width="400" height="400" src="https://theater-im-hayn.de/wp-content/uploads/2021/01/Portrait-Max.jpg" alt="" class="wp-image-135" style="width:281px;height:281px" srcset="https://theater-im-hayn.de/wp-content/uploads/2021/01/Portrait-Max.jpg 400w, https://theater-im-hayn.de/wp-content/uploads/2021/01/Portrait-Max-300x300.jpg 300w, https://theater-im-hayn.de/wp-content/uploads/2021/01/Portrait-Max-150x150.jpg 150w, https://theater-im-hayn.de/wp-content/uploads/2021/01/Portrait-Max-100x100.jpg 100w" sizes="auto, (max-width: 400px) 100vw, 400px" /></figure></div></div></div>



<p>Maximilian Nowak begann schon in der Grundschule mit der Schauspielerei. Mit zehn Jahren spielte er bei &#8222;Die Owwedäler&#8220; in Dreieich-Offenthal und schloss sich 2002 dem Märchentheater des Geschichts- und Heimatverein Dreieichenhain an. 2009 wechselte er innerhalb des GHV zum Burgtheater und stand im Frühjahr 2015 erstmals für das Theater im Hayn auf der Bühne. Neben seinem regelmäßigen Engagement für das Burgtheater und das Theater im Hayn, spielte er zuletzt auch für das Kunstforum Seligenstadt und Theater Total in Rodgau.</p>



<figure class="wp-block-table is-style-stripes"><table><tbody><tr><td><strong>Jahr</strong></td><td><strong>Stück</strong></td><td><strong>Rolle / Aufgabe</strong></td></tr><tr><td>2025</td><td><a href="https://theater-im-hayn.de/?page_id=507" data-type="page" data-id="507">Zum Henker mit den Henks</a></td><td>Larry Lewiss</td></tr><tr><td>2024</td><td><a href="https://theater-im-hayn.de/?page_id=441" data-type="page" data-id="441">Wer ist schon gern der Trottel?</a></td><td>Reg, ein Manager</td></tr><tr><td>2023</td><td><a href="https://theater-im-hayn.de/?page_id=311" data-type="page" data-id="311">Eine etwas sonderbare Dame</a></td><td>Titus Savage</td></tr><tr><td>2022</td><td><a href="https://theater-im-hayn.de/?page_id=259" data-type="page" data-id="259">Es fährt kein Zug nach Irgendwo</a></td><td>Reinhold, der Penner</td></tr><tr><td>2019</td><td><a href="https://theater-im-hayn.de/?page_id=234" data-type="page" data-id="234">Ein gemütliches Wochenende</a></td><td>Raimund Villinger</td></tr><tr><td>2018</td><td><a href="https://theater-im-hayn.de/?page_id=237" data-type="page" data-id="237">Neurosige Zeiten</a></td><td>Hans</td></tr><tr><td>2017</td><td><a href="https://theater-im-hayn.de/?page_id=239" data-type="page" data-id="239">Party im Strandkorb</a></td><td>Dieter Schomaker</td></tr><tr><td>2016</td><td><a href="https://theater-im-hayn.de/?page_id=241" data-type="page" data-id="241">Keine Leiche ohne Lily</a></td><td>Hubertus Westermann</td></tr><tr><td>2015</td><td><a href="https://theater-im-hayn.de/?page_id=244" data-type="page" data-id="244">Die Balkonszene</a></td><td>Jeremy Grover</td></tr></tbody></table></figure>

<p>Maximilian Nowak begann schon in der Grundschule mit der Schauspielerei. Mit zehn Jahren spielte er bei &#8222;Die Owwedäler&#8220; in Dreieich-Offenthal und schloss sich 2002 dem Märchentheater des Geschichts- und Heimatverein Dreieichenhain an. 2009 wechselte er innerhalb des GHV zum Burgtheater und stand im Frühjahr 2015 erstmals für das Theater im Hayn auf der Bühne. Neben &hellip; </p>
<p class="link-more"><a href="https://theater-im-hayn.de/?page_id=134" class="more-link"><span class="screen-reader-text">„Maximilian Nowak“</span> weiterlesen</a></p>
